Last updated on 2025-10-21 11:53:15 CEST.
Flavor | Version | Tinstall | Tcheck | Ttotal | Status | Flags |
---|---|---|---|---|---|---|
r-devel-linux-x86_64-debian-clang | 0.4.3 | 58.68 | 33.32 | 92.00 | NOTE | |
r-devel-linux-x86_64-debian-gcc | 0.4.3 | 40.23 | 25.83 | 66.06 | NOTE | |
r-devel-linux-x86_64-fedora-clang | 0.4.3 | 154.68 | OK | |||
r-devel-linux-x86_64-fedora-gcc | 0.4.3 | 128.00 | 27.75 | 155.75 | OK | |
r-devel-windows-x86_64 | 0.4.3 | 71.00 | 94.00 | 165.00 | OK | |
r-patched-linux-x86_64 | 0.4.3 | 59.74 | 30.66 | 90.40 | OK | |
r-release-linux-x86_64 | 0.4.3 | 56.55 | 31.01 | 87.56 | OK | |
r-release-macos-arm64 | 0.4.3 | 38.00 | OK | |||
r-release-macos-x86_64 | 0.4.3 | 20.00 | 30.00 | 50.00 | OK | |
r-release-windows-x86_64 | 0.4.3 | 62.00 | 77.00 | 139.00 | OK | |
r-oldrel-macos-arm64 | 0.4.3 | 58.00 | OK | |||
r-oldrel-macos-x86_64 | 0.4.3 | 98.00 | OK | |||
r-oldrel-windows-x86_64 | 0.4.3 | 57.00 | 89.00 | 146.00 | OK |
Version: 0.4.3
Check: HTML version of manual
Result: NOTE
Found the following HTML validation problems:
Agent.html:325:1 (Agent.Rd:182): Warning: missing </ul> before </div>
Agent.html:137:1 (Agent.Rd:76): Warning: <h5> anchor "Usage" already defined
Agent.html:143:1 (Agent.Rd:80): Warning: <h5> anchor "Arguments" already defined
Agent.html:172:1 (Agent.Rd:96): Warning: <h5> anchor "Usage" already defined
Agent.html:178:1 (Agent.Rd:100): Warning: <h5> anchor "Arguments" already defined
Agent.html:192:1 (Agent.Rd:108): Warning: <h5> anchor "Returns" already defined
Agent.html:208:1 (Agent.Rd:117): Warning: <h5> anchor "Usage" already defined
Agent.html:214:1 (Agent.Rd:121): Warning: <h5> anchor "Arguments" already defined
Agent.html:228:1 (Agent.Rd:129): Warning: <h5> anchor "Returns" already defined
Agent.html:244:1 (Agent.Rd:138): Warning: <h5> anchor "Usage" already defined
Agent.html:250:1 (Agent.Rd:142): Warning: <h5> anchor "Returns" already defined
Agent.html:266:1 (Agent.Rd:151): Warning: <h5> anchor "Usage" already defined
Agent.html:272:1 (Agent.Rd:155): Warning: <h5> anchor "Arguments" already defined
Agent.html:285:1 (Agent.Rd:162): Warning: <h5> anchor "Returns" already defined
Agent.html:302:1 (Agent.Rd:171): Warning: <h5> anchor "Usage" already defined
Agent.html:308:1 (Agent.Rd:175): Warning: <h5> anchor "Arguments" already defined
Contact.html:311:1 (Contact.Rd:184): Warning: missing </ul> before </div>
Contact.html:147:1 (Contact.Rd:90): Warning: <h5> anchor "Usage" already defined
Contact.html:176:1 (Contact.Rd:107): Warning: <h5> anchor "Usage" already defined
Contact.html:182:1 (Contact.Rd:111): Warning: <h5> anchor "Arguments" already defined
Contact.html:214:1 (Contact.Rd:129): Warning: <h5> anchor "Usage" already defined
Contact.html:220:1 (Contact.Rd:133): Warning: <h5> anchor "Arguments" already defined
Contact.html:243:1 (Contact.Rd:146): Warning: <h5> anchor "Usage" already defined
Contact.html:249:1 (Contact.Rd:150): Warning: <h5> anchor "Arguments" already defined
Contact.html:272:1 (Contact.Rd:163): Warning: <h5> anchor "Usage" already defined
Contact.html:288:1 (Contact.Rd:173): Warning: <h5> anchor "Usage" already defined
Contact.html:294:1 (Contact.Rd:177): Warning: <h5> anchor "Arguments" already defined
Event.html:122:1 (Event.Rd:93): Warning: <h5> anchor "Usage" already defined
Event.html:128:1 (Event.Rd:97): Warning: <h5> anchor "Arguments" already defined
Population.html:424:1 (Population.Rd:242): Warning: missing </ul> before </div>
Population.html:157:1 (Population.Rd:86): Warning: <h5> anchor "Usage" already defined
Population.html:163:1 (Population.Rd:90): Warning: <h5> anchor "Arguments" already defined
Population.html:177:1 (Population.Rd:98): Warning: <h5> anchor "Details" already defined
Population.html:202:1 (Population.Rd:113): Warning: <h5> anchor "Usage" already defined
Population.html:208:1 (Population.Rd:117): Warning: <h5> anchor "Arguments" already defined
Population.html:222:1 (Population.Rd:125): Warning: <h5> anchor "Details" already defined
Population.html:232:1 (Population.Rd:132): Warning: <h5> anchor "Returns" already defined
Population.html:247:1 (Population.Rd:140): Warning: <h5> anchor "Usage" already defined
Population.html:253:1 (Population.Rd:144): Warning: <h5> anchor "Arguments" already defined
Population.html:267:1 (Population.Rd:152): Warning: <h5> anchor "Details" already defined
Population.html:283:1 (Population.Rd:162): Warning: <h5> anchor "Usage" already defined
Population.html:289:1 (Population.Rd:166): Warning: <h5> anchor "Arguments" already defined
Population.html:302:1 (Population.Rd:173): Warning: <h5> anchor "Returns" already defined
Population.html:318:1 (Population.Rd:182): Warning: <h5> anchor "Usage" already defined
Population.html:324:1 (Population.Rd:186): Warning: <h5> anchor "Arguments" already defined
Population.html:339:1 (Population.Rd:195): Warning: <h5> anchor "Returns" already defined
Population.html:355:1 (Population.Rd:204): Warning: <h5> anchor "Usage" already defined
Population.html:361:1 (Population.Rd:208): Warning: <h5> anchor "Arguments" already defined
Population.html:375:1 (Population.Rd:216): Warning: <h5> anchor "Details" already defined
Population.html:384:1 (Population.Rd:222): Warning: <h5> anchor "Returns" already defined
Population.html:401:1 (Population.Rd:231): Warning: <h5> anchor "Usage" already defined
Population.html:407:1 (Population.Rd:235): Warning: <h5> anchor "Arguments" already defined
Simulation.html:406:1 (Simulation.Rd:256): Warning: missing </ul> before </div>
Simulation.html:135:1 (Simulation.Rd:78): Warning: <h5> anchor "Usage" already defined
Simulation.html:141:1 (Simulation.Rd:82): Warning: <h5> anchor "Arguments" already defined
Simulation.html:154:1 (Simulation.Rd:89): Warning: <h5> anchor "Details" already defined
Simulation.html:185:1 (Simulation.Rd:110): Warning: <h5> anchor "Usage" already defined
Simulation.html:191:1 (Simulation.Rd:114): Warning: <h5> anchor "Arguments" already defined
Simulation.html:204:1 (Simulation.Rd:121): Warning: <h5> anchor "Details" already defined
Simulation.html:218:1 (Simulation.Rd:132): Warning: <h5> anchor "Returns" already defined
Simulation.html:234:1 (Simulation.Rd:141): Warning: <h5> anchor "Usage" already defined
Simulation.html:240:1 (Simulation.Rd:145): Warning: <h5> anchor "Arguments" already defined
Simulation.html:254:1 (Simulation.Rd:153): Warning: <h5> anchor "Details" already defined
Simulation.html:263:1 (Simulation.Rd:159): Warning: <h5> anchor "Returns" already defined
Simulation.html:278:1 (Simulation.Rd:167): Warning: <h5> anchor "Usage" already defined
Simulation.html:289:1 (Simulation.Rd:176): Warning: <h5> anchor "Arguments" already defined
Simulation.html:312:1 (Simulation.Rd:193): Warning: <h5> anchor "Details" already defined
Simulation.html:366:1 (Simulation.Rd:236): Warning: <h5> anchor "Returns" already defined
Simulation.html:383:1 (Simulation.Rd:245): Warning: <h5> anchor "Usage" already defined
Simulation.html:389:1 (Simulation.Rd:249): Warning: <h5> anchor "Arguments" already defined
Flavors: r-devel-linux-x86_64-debian-clang, r-devel-linux-x86_64-debian-gcc