Last updated on 2025-10-24 18:49:49 CEST.
| Flavor | Version | Tinstall | Tcheck | Ttotal | Status | Flags |
|---|---|---|---|---|---|---|
| r-devel-linux-x86_64-debian-clang | 0.1.5 | 7.24 | 76.65 | 83.89 | NOTE | |
| r-devel-linux-x86_64-debian-gcc | 0.1.5 | 6.44 | 67.53 | 73.97 | NOTE | |
| r-devel-linux-x86_64-fedora-clang | 0.1.5 | 18.00 | 112.54 | 130.54 | OK | |
| r-devel-linux-x86_64-fedora-gcc | 0.1.5 | 18.00 | 108.56 | 126.56 | OK | |
| r-devel-windows-x86_64 | 0.1.5 | 10.00 | 97.00 | 107.00 | OK | |
| r-patched-linux-x86_64 | 0.1.5 | 8.26 | 77.27 | 85.53 | OK | |
| r-release-linux-x86_64 | 0.1.5 | 8.57 | 75.55 | 84.12 | OK | |
| r-release-macos-arm64 | 0.1.5 | 5.00 | 45.00 | 50.00 | OK | |
| r-release-macos-x86_64 | 0.1.5 | 8.00 | 69.00 | 77.00 | OK | |
| r-release-windows-x86_64 | 0.1.5 | 10.00 | 84.00 | 94.00 | OK | |
| r-oldrel-macos-arm64 | 0.1.5 | 4.00 | 35.00 | 39.00 | OK | |
| r-oldrel-macos-x86_64 | 0.1.5 | 6.00 | 55.00 | 61.00 | OK | |
| r-oldrel-windows-x86_64 | 0.1.5 | 12.00 | 106.00 | 118.00 | OK |
Version: 0.1.5
Check: CRAN incoming feasibility
Result: NOTE
Maintainer: ‘Elisabeth Dahlqwist <elisabeth.dahlqwist88@gmail.com>’
No Authors@R field in DESCRIPTION.
Please add one, modifying
Authors@R: c(person(given = "Elisabeth",
family = "Dahlqwist",
role = c("aut", "cre"),
email = "elisabeth.dahlqwist88@gmail.com"),
person(given = "Arvid",
family = "Sjolander",
role = "aut"))
as necessary.
Flavors: r-devel-linux-x86_64-debian-clang, r-devel-linux-x86_64-debian-gcc