Last updated on 2025-10-21 23:50:47 CEST.
Flavor | Version | Tinstall | Tcheck | Ttotal | Status | Flags |
---|---|---|---|---|---|---|
r-devel-linux-x86_64-debian-clang | 2.4.0 | 345.53 | 82.28 | 427.81 | NOTE | |
r-devel-linux-x86_64-debian-gcc | 2.4.0 | 220.81 | 55.88 | 276.69 | NOTE | |
r-devel-linux-x86_64-fedora-clang | 2.4.0 | 145.00 | 573.14 | 718.14 | OK | |
r-devel-linux-x86_64-fedora-gcc | 2.4.0 | 302.00 | 427.02 | 729.02 | OK | |
r-devel-windows-x86_64 | 2.4.0 | 316.00 | 117.00 | 433.00 | OK | |
r-patched-linux-x86_64 | 2.4.0 | 318.29 | 75.50 | 393.79 | OK | |
r-release-linux-x86_64 | 2.4.0 | 323.34 | 73.23 | 396.57 | OK | |
r-release-macos-arm64 | 2.4.0 | 193.00 | 83.00 | 276.00 | OK | |
r-release-macos-x86_64 | 2.4.0 | 152.00 | 72.00 | 224.00 | OK | |
r-release-windows-x86_64 | 2.4.0 | 295.00 | 126.00 | 421.00 | OK | |
r-oldrel-macos-arm64 | 2.4.0 | 157.00 | 40.00 | 197.00 | NOTE | |
r-oldrel-macos-x86_64 | 2.4.0 | 139.00 | 73.00 | 212.00 | NOTE | |
r-oldrel-windows-x86_64 | 2.4.0 | 379.00 | 155.00 | 534.00 | OK |
Version: 2.4.0
Check: HTML version of manual
Result: NOTE
Found the following HTML validation problems:
decode.html:64:1 (decode.Rd:21): Warning: missing </ul> before </div>
encode.html:65:1 (encode.Rd:21): Warning: missing </ul> before </div>
print.ANN.html:51:1 (print.ANN.Rd:12): Warning: missing </ul> before </div>
write_ANN.html:50:1 (write_ANN.Rd:12): Warning: missing </ul> before </div>
Flavors: r-devel-linux-x86_64-debian-clang, r-devel-linux-x86_64-debian-gcc
Version: 2.4.0
Check: installed package size
Result: NOTE
installed size is 29.6Mb
sub-directories of 1Mb or more:
cereal 1.4Mb
libs 28.1Mb
Flavors: r-oldrel-macos-arm64, r-oldrel-macos-x86_64