CRAN Package Check Results for Package APCanalysis

Last updated on 2025-10-22 23:49:48 CEST.

Flavor Version Tinstall Tcheck Ttotal Status Flags
r-devel-linux-x86_64-debian-clang 1.0 2.06 72.87 74.93 NOTE
r-devel-linux-x86_64-debian-gcc 1.0 1.63 47.16 48.79 NOTE
r-devel-linux-x86_64-fedora-clang 1.0 116.31 OK
r-devel-linux-x86_64-fedora-gcc 1.0 111.50 OK
r-devel-windows-x86_64 1.0 3.00 74.00 77.00 OK
r-patched-linux-x86_64 1.0 1.96 67.88 69.84 OK
r-release-linux-x86_64 1.0 1.73 68.07 69.80 OK
r-release-macos-arm64 1.0 1.00 32.00 33.00 OK
r-release-macos-x86_64 1.0 2.00 71.00 73.00 OK
r-release-windows-x86_64 1.0 4.00 75.00 79.00 OK
r-oldrel-macos-arm64 1.0 1.00 35.00 36.00 OK
r-oldrel-macos-x86_64 1.0 2.00 46.00 48.00 OK
r-oldrel-windows-x86_64 1.0 4.00 73.00 77.00 OK

Check Details

Version: 1.0
Check: CRAN incoming feasibility
Result: NOTE Maintainer: ‘Arden Miller <a.miller@auckland.ac.nz>’ No Authors@R field in DESCRIPTION. Please add one, modifying Authors@R: c(person(given = "Arden", family = "Miller", role = c("aut", "cre"), email = "a.miller@auckland.ac.nz"), person(given = c("Abu", "Zar", "Md."), family = "Shafiullah.", role = "aut")) as necessary. Flavors: r-devel-linux-x86_64-debian-clang, r-devel-linux-x86_64-debian-gcc