CRAN Package Check Results for Package AQEval

Last updated on 2025-10-22 11:51:00 CEST.

Flavor Version Tinstall Tcheck Ttotal Status Flags
r-devel-linux-x86_64-debian-clang 0.6.2 15.52 119.25 134.77 NOTE
r-devel-linux-x86_64-debian-gcc 0.6.2 10.35 81.61 91.96 NOTE
r-devel-linux-x86_64-fedora-clang 0.6.2 35.00 175.94 210.94 OK
r-devel-linux-x86_64-fedora-gcc 0.6.2 34.00 165.32 199.32 OK
r-devel-windows-x86_64 0.6.2 17.00 117.00 134.00 OK
r-patched-linux-x86_64 0.6.2 13.54 111.70 125.24 OK
r-release-linux-x86_64 0.6.2 14.26 112.07 126.33 OK
r-release-macos-arm64 0.6.2 7.00 45.00 52.00 OK
r-release-macos-x86_64 0.6.2 14.00 88.00 102.00 OK
r-release-windows-x86_64 0.6.2 18.00 119.00 137.00 OK
r-oldrel-macos-arm64 0.6.2 6.00 50.00 56.00 OK
r-oldrel-macos-x86_64 0.6.2 14.00 91.00 105.00 OK
r-oldrel-windows-x86_64 0.6.2 22.00 156.00 178.00 OK

Check Details

Version: 0.6.2
Check: HTML version of manual
Result: NOTE Found the following HTML validation problems: aqeval.generics.html:57:1 (aqeval.generics.Rd:19): Warning: missing </ul> before </div> Flavors: r-devel-linux-x86_64-debian-clang, r-devel-linux-x86_64-debian-gcc