Last updated on 2025-10-24 11:50:40 CEST.
| Flavor | Version | Tinstall | Tcheck | Ttotal | Status | Flags |
|---|---|---|---|---|---|---|
| r-devel-linux-x86_64-debian-clang | 2.0.0 | 204.41 | 101.51 | 305.92 | OK | |
| r-devel-linux-x86_64-debian-gcc | 2.0.0 | 142.30 | 69.76 | 212.06 | OK | |
| r-devel-linux-x86_64-fedora-clang | 2.0.0 | 268.00 | 256.08 | 524.08 | OK | |
| r-devel-linux-x86_64-fedora-gcc | 2.0.0 | 482.00 | 100.80 | 582.80 | OK | |
| r-devel-windows-x86_64 | 2.0.0 | 220.00 | 159.00 | 379.00 | OK | |
| r-patched-linux-x86_64 | 2.0.0 | 216.27 | 92.44 | 308.71 | OK | |
| r-release-linux-x86_64 | 2.0.0 | 215.77 | 93.56 | 309.33 | OK | |
| r-release-macos-arm64 | 2.0.0 | 70.00 | 52.00 | 122.00 | OK | |
| r-release-macos-x86_64 | 2.0.0 | 72.00 | 128.00 | 200.00 | OK | |
| r-release-windows-x86_64 | 2.0.0 | 219.00 | 167.00 | 386.00 | OK | |
| r-oldrel-macos-arm64 | 2.0.0 | 74.00 | 49.00 | 123.00 | NOTE | |
| r-oldrel-macos-x86_64 | 2.0.0 | 81.00 | 111.00 | 192.00 | NOTE | |
| r-oldrel-windows-x86_64 | 2.0.0 | 263.00 | 190.00 | 453.00 | OK |
Version: 2.0.0
Check: installed package size
Result: NOTE
installed size is 20.0Mb
sub-directories of 1Mb or more:
libs 18.6Mb
Flavors: r-oldrel-macos-arm64, r-oldrel-macos-x86_64