CRAN Package Check Results for Package BCC1997

Last updated on 2025-10-21 17:49:42 CEST.

Flavor Version Tinstall Tcheck Ttotal Status Flags
r-devel-linux-x86_64-debian-clang 0.1.1 1.89 18.43 20.32 NOTE
r-devel-linux-x86_64-debian-gcc 0.1.1 1.35 15.24 16.59 NOTE
r-devel-linux-x86_64-fedora-clang 0.1.1 30.21 OK
r-devel-linux-x86_64-fedora-gcc 0.1.1 28.81 OK
r-devel-windows-x86_64 0.1.1 3.00 37.00 40.00 OK
r-patched-linux-x86_64 0.1.1 1.87 17.26 19.13 OK
r-release-linux-x86_64 0.1.1 1.84 17.42 19.26 OK
r-release-macos-arm64 0.1.1 1.00 14.00 15.00 OK
r-release-macos-x86_64 0.1.1 2.00 20.00 22.00 OK
r-release-windows-x86_64 0.1.1 3.00 39.00 42.00 OK
r-oldrel-macos-arm64 0.1.1 1.00 18.00 19.00 NOTE
r-oldrel-macos-x86_64 0.1.1 2.00 24.00 26.00 NOTE
r-oldrel-windows-x86_64 0.1.1 3.00 36.00 39.00 NOTE

Check Details

Version: 0.1.1
Check: CRAN incoming feasibility
Result: NOTE Maintainer: ‘Haoran Zhang <hzz0017@auburn.edu>’ No Authors@R field in DESCRIPTION. Please add one, modifying Authors@R: person(given = "Haoran", family = "Zhang", role = c("aut", "cre"), email = "hzz0017@auburn.edu") as necessary. Flavors: r-devel-linux-x86_64-debian-clang, r-devel-linux-x86_64-debian-gcc

Version: 0.1.1
Check: LazyData
Result: NOTE 'LazyData' is specified without a 'data' directory Flavors: r-oldrel-macos-arm64, r-oldrel-macos-x86_64, r-oldrel-windows-x86_64