CRAN Package Check Results for Package BGGM

Last updated on 2025-10-22 17:49:32 CEST.

Flavor Version Tinstall Tcheck Ttotal Status Flags
r-devel-linux-x86_64-debian-clang 2.1.5 96.40 460.14 556.54 NOTE
r-devel-linux-x86_64-debian-gcc 2.1.5 68.41 320.15 388.56 NOTE
r-devel-linux-x86_64-fedora-clang 2.1.5 170.00 695.10 865.10 OK
r-devel-linux-x86_64-fedora-gcc 2.1.5 217.00 641.02 858.02 OK
r-devel-windows-x86_64 2.1.5 92.00 409.00 501.00 OK
r-patched-linux-x86_64 2.1.5 95.54 440.31 535.85 OK
r-release-linux-x86_64 2.1.5 95.28 441.00 536.28 OK
r-release-macos-arm64 2.1.5 39.00 169.00 208.00 OK
r-release-macos-x86_64 2.1.5 77.00 312.00 389.00 OK
r-release-windows-x86_64 2.1.5 90.00 404.00 494.00 OK
r-oldrel-macos-arm64 2.1.5 37.00 145.00 182.00 NOTE
r-oldrel-macos-x86_64 2.1.5 69.00 220.00 289.00 NOTE
r-oldrel-windows-x86_64 2.1.5 115.00 536.00 651.00 NOTE

Check Details

Version: 2.1.5
Check: HTML version of manual
Result: NOTE Found the following HTML validation problems: print.BGGM.html:53:1 (print.BGGM.Rd:12): Warning: missing </ul> before </div> Flavors: r-devel-linux-x86_64-debian-clang, r-devel-linux-x86_64-debian-gcc

Version: 2.1.5
Check: installed package size
Result: NOTE installed size is 12.9Mb sub-directories of 1Mb or more: doc 3.3Mb help 1.1Mb libs 7.7Mb Flavors: r-oldrel-macos-arm64, r-oldrel-macos-x86_64, r-oldrel-windows-x86_64