Last updated on 2025-10-24 05:50:33 CEST.
Flavor | Version | Tinstall | Tcheck | Ttotal | Status | Flags |
---|---|---|---|---|---|---|
r-devel-linux-x86_64-debian-clang | 2.1.1 | 10.43 | 156.74 | 167.17 | NOTE | |
r-devel-linux-x86_64-debian-gcc | 2.1.1 | 7.30 | 102.13 | 109.43 | NOTE | |
r-devel-linux-x86_64-fedora-clang | 2.1.1 | 22.00 | 235.21 | 257.21 | OK | |
r-devel-linux-x86_64-fedora-gcc | 2.1.1 | 22.00 | 240.33 | 262.33 | OK | |
r-devel-windows-x86_64 | 2.1.1 | 12.00 | 155.00 | 167.00 | OK | |
r-patched-linux-x86_64 | 2.1.1 | 10.75 | 147.75 | 158.50 | OK | |
r-release-linux-x86_64 | 2.1.1 | 9.68 | 146.07 | 155.75 | OK | |
r-release-macos-arm64 | 2.1.1 | 4.00 | 62.00 | 66.00 | OK | |
r-release-macos-x86_64 | 2.1.1 | 9.00 | 110.00 | 119.00 | OK | |
r-release-windows-x86_64 | 2.1.1 | 15.00 | 155.00 | 170.00 | OK | |
r-oldrel-macos-arm64 | 2.1.1 | 4.00 | 58.00 | 62.00 | OK | |
r-oldrel-macos-x86_64 | 2.1.1 | 6.00 | 86.00 | 92.00 | OK | |
r-oldrel-windows-x86_64 | 2.1.1 | 19.00 | 206.00 | 225.00 | OK |
Version: 2.1.1
Check: CRAN incoming feasibility
Result: NOTE
Maintainer: ‘Emilio Akira Morones Ishikawa <emiliomorones@gmail.com>’
No Authors@R field in DESCRIPTION.
Please add one, modifying
Authors@R: c(person(given = c("L.", "E."),
family = "Nieto-Barajas",
role = "aut"),
person(given = c("J.", "A.", "Garcia"),
family = "Bueno",
role = "aut"),
person(given = c("E.A.", "Morones"),
family = "Ishikawa",
role = "aut"),
person(given = "J.",
family = "Pliego",
role = "aut"),
person(given = c("Emilio", "Akira", "Morones"),
family = "Ishikawa",
role = "cre",
email = "emiliomorones@gmail.com"))
as necessary.
Flavors: r-devel-linux-x86_64-debian-clang, r-devel-linux-x86_64-debian-gcc