Last updated on 2025-10-21 11:53:17 CEST.
Flavor | Version | Tinstall | Tcheck | Ttotal | Status | Flags |
---|---|---|---|---|---|---|
r-devel-linux-x86_64-debian-clang | 1.9.3 | 12.02 | 261.83 | 273.85 | NOTE | |
r-devel-linux-x86_64-debian-gcc | 1.9.3 | 7.43 | 163.40 | 170.83 | NOTE | |
r-devel-linux-x86_64-fedora-clang | 1.9.3 | 423.75 | OK | |||
r-devel-linux-x86_64-fedora-gcc | 1.9.3 | 21.00 | 414.71 | 435.71 | OK | |
r-devel-windows-x86_64 | 1.9.3 | 13.00 | 238.00 | 251.00 | OK | |
r-patched-linux-x86_64 | 1.9.3 | 10.74 | 246.44 | 257.18 | OK | |
r-release-linux-x86_64 | 1.9.3 | 10.88 | 243.04 | 253.92 | OK | |
r-release-macos-arm64 | 1.9.3 | 99.00 | OK | |||
r-release-macos-x86_64 | 1.9.3 | 10.00 | 158.00 | 168.00 | OK | |
r-release-windows-x86_64 | 1.9.3 | 17.00 | 238.00 | 255.00 | OK | |
r-oldrel-macos-arm64 | 1.9.3 | 104.00 | OK | |||
r-oldrel-macos-x86_64 | 1.9.3 | 327.00 | OK | |||
r-oldrel-windows-x86_64 | 1.9.3 | 20.00 | 317.00 | 337.00 | OK |
Version: 1.9.3
Check: HTML version of manual
Result: NOTE
Found the following HTML validation problems:
Blissindependence.html:58:1 (Blissindependence.Rd:17): Warning: missing </ul> before </div>
GetStartGuess.html:55:1 (GetStartGuess.Rd:17): Warning: missing </ul> before </div>
L4.html:62:1 (L4.Rd:18): Warning: missing </ul> before </div>
addResids.html:50:1 (addResids.Rd:12): Warning: missing </ul> before </div>
backscaleResids.html:50:1 (backscaleResids.Rd:12): Warning: missing </ul> before </div>
coef.MarginalFit.html:51:1 (coef.MarginalFit.Rd:12): Warning: missing </ul> before </div>
col2hex.html:50:1 (col2hex.Rd:12): Warning: missing </ul> before </div>
contour.ResponseSurface.html:80:1 (contour.ResponseSurface.Rd:31): Warning: missing </ul> before </div>
df.residual.MarginalFit.html:51:1 (df.residual.MarginalFit.Rd:12): Warning: missing </ul> before </div>
fitted.MarginalFit.html:51:1 (fitted.MarginalFit.Rd:12): Warning: missing </ul> before </div>
fitted.ResponseSurface.html:51:1 (fitted.ResponseSurface.Rd:12): Warning: missing </ul> before </div>
generalizedLoewe.html:81:1 (generalizedLoewe.Rd:34): Warning: missing </ul> before </div>
get.abs_tval.html:60:1 (get.abs_tval.Rd:17): Warning: missing </ul> before </div>
get.summ.data.html:50:1 (get.summ.data.Rd:12): Warning: missing </ul> before </div>
getR.html:62:1 (getR.Rd:20): Warning: missing </ul> before </div>
harbronLoewe.html:79:1 (harbronLoewe.Rd:33): Warning: missing </ul> before </div>
hsa.html:58:1 (hsa.Rd:17): Warning: missing </ul> before </div>
isobologram.html:69:1 (isobologram.Rd:24): Warning: missing </ul> before </div>
marginalNLS.html:76:1 (marginalNLS.Rd:29): Warning: missing </ul> before </div>
plot.ResponseSurface.html:79:1 (plot.ResponseSurface.Rd:36): Warning: missing </ul> before </div>
plot.effect-size.html:114:1 (plot.effect-size.Rd:53): Warning: missing </ul> before </div>
plot.maxR.html:120:1 (plot.maxR.Rd:57): Warning: missing </ul> before </div>
plot.meanR.html:51:1 (plot.meanR.Rd:12): Warning: missing </ul> before </div>
plotConfInt.html:50:1 (plotConfInt.Rd:12): Warning: missing </ul> before </div>
predict.MarginalFit.html:58:1 (predict.MarginalFit.Rd:17): Warning: missing </ul> before </div>
predictResponseSurface.html:82:1 (predictResponseSurface.Rd:39): Warning: missing </ul> before </div>
predictVar.html:54:1 (predictVar.Rd:14): Warning: missing </ul> before </div>
print.summary.BIGLconfInt.html:51:1 (print.summary.BIGLconfInt.Rd:12): Warning: missing </ul> before </div>
print.summary.MarginalFit.html:51:1 (print.summary.MarginalFit.Rd:12): Warning: missing </ul> before </div>
print.summary.ResponseSurface.html:51:1 (print.summary.ResponseSurface.Rd:12): Warning: missing </ul> before </div>
print.summary.maxR.html:51:1 (print.summary.maxR.Rd:12): Warning: missing </ul> before </div>
print.summary.meanR.html:51:1 (print.summary.meanR.Rd:12): Warning: missing </ul> before </div>
residuals.MarginalFit.html:51:1 (residuals.MarginalFit.Rd:12): Warning: missing </ul> before </div>
summary.BIGLconfInt.html:51:1 (summary.BIGLconfInt.Rd:12): Warning: missing </ul> before </div>
summary.MarginalFit.html:51:1 (summary.MarginalFit.Rd:12): Warning: missing </ul> before </div>
summary.ResponseSurface.html:51:1 (summary.ResponseSurface.Rd:12): Warning: missing </ul> before </div>
summary.maxR.html:51:1 (summary.maxR.Rd:12): Warning: missing </ul> before </div>
summary.meanR.html:51:1 (summary.meanR.Rd:12): Warning: missing </ul> before </div>
vcov.MarginalFit.html:51:1 (vcov.MarginalFit.Rd:12): Warning: missing </ul> before </div>
Flavors: r-devel-linux-x86_64-debian-clang, r-devel-linux-x86_64-debian-gcc