CRAN Package Check Results for Package BMEmapping

Last updated on 2025-10-22 11:51:02 CEST.

Flavor Version Tinstall Tcheck Ttotal Status Flags
r-devel-linux-x86_64-debian-clang 1.2.2 5.54 70.52 76.06 NOTE
r-devel-linux-x86_64-debian-gcc 1.2.2 4.13 50.44 54.57 NOTE
r-devel-linux-x86_64-fedora-clang 1.2.2 12.00 103.92 115.92 OK
r-devel-linux-x86_64-fedora-gcc 1.2.2 11.00 115.84 126.84 OK
r-devel-windows-x86_64 1.2.2 7.00 80.00 87.00 OK
r-patched-linux-x86_64 1.2.2 4.53 66.03 70.56 OK
r-release-linux-x86_64 1.2.2 5.30 64.85 70.15 OK
r-release-macos-arm64 1.2.2 3.00 116.00 119.00 OK
r-release-macos-x86_64 1.2.2 5.00 121.00 126.00 OK
r-release-windows-x86_64 1.2.2 8.00 82.00 90.00 OK
r-oldrel-macos-arm64 1.2.2 3.00 45.00 48.00 OK
r-oldrel-macos-x86_64 1.2.2 6.00 76.00 82.00 OK
r-oldrel-windows-x86_64 1.2.2 10.00 101.00 111.00 OK

Check Details

Version: 1.2.2
Check: HTML version of manual
Result: NOTE Found the following HTML validation problems: plot.BMEmapping.html:52:1 (plot.BMEmapping.Rd:12): Warning: missing </ul> before </div> Flavors: r-devel-linux-x86_64-debian-clang, r-devel-linux-x86_64-debian-gcc