CRAN Package Check Results for Package BNPTSclust

Last updated on 2025-10-21 17:49:43 CEST.

Flavor Version Tinstall Tcheck Ttotal Status Flags
r-devel-linux-x86_64-debian-clang 2.0 6.13 42.43 48.56 NOTE
r-devel-linux-x86_64-debian-gcc 2.0 4.86 30.83 35.69 NOTE
r-devel-linux-x86_64-fedora-clang 2.0 15.00 60.13 75.13 OK
r-devel-linux-x86_64-fedora-gcc 2.0 15.00 56.72 71.72 OK
r-devel-windows-x86_64 2.0 8.00 54.00 62.00 OK
r-patched-linux-x86_64 2.0 7.18 40.06 47.24 OK
r-release-linux-x86_64 2.0 6.82 39.90 46.72 OK
r-release-macos-arm64 2.0 3.00 22.00 25.00 OK
r-release-macos-x86_64 2.0 6.00 37.00 43.00 OK
r-release-windows-x86_64 2.0 7.00 61.00 68.00 OK
r-oldrel-macos-arm64 2.0 3.00 24.00 27.00 OK
r-oldrel-macos-x86_64 2.0 5.00 29.00 34.00 OK
r-oldrel-windows-x86_64 2.0 7.00 66.00 73.00 OK

Check Details

Version: 2.0
Check: CRAN incoming feasibility
Result: NOTE Maintainer: ‘David Alejandro Martell Juarez <alex91599@gmail.com>’ No Authors@R field in DESCRIPTION. Please add one, modifying Authors@R: c(person(family = "Martell-Juarez", role = "aut"), person(given = c("D.A.", "&"), family = "Nieto-Barajas", role = "aut"), person(family = "L.E.", role = "aut"), person(given = c("David", "Alejandro", "Martell"), family = "Juarez", role = "cre", email = "alex91599@gmail.com")) as necessary. Flavors: r-devel-linux-x86_64-debian-clang, r-devel-linux-x86_64-debian-gcc