CRAN Package Check Results for Package BNPmix

Last updated on 2025-10-21 23:50:49 CEST.

Flavor Version Tinstall Tcheck Ttotal Status Flags
r-devel-linux-x86_64-debian-clang 1.0.2 173.67 119.92 293.59 WARN
r-devel-linux-x86_64-debian-gcc 1.0.2 102.71 84.47 187.18 WARN
r-devel-linux-x86_64-fedora-clang 1.1.0 51.00 337.69 388.69 OK
r-devel-linux-x86_64-fedora-gcc 1.1.0 69.00 382.53 451.53 OK
r-devel-windows-x86_64 1.0.2 192.00 163.00 355.00 NOTE
r-patched-linux-x86_64 1.0.2 174.14 112.89 287.03 NOTE
r-release-linux-x86_64 1.0.2 173.89 114.36 288.25 NOTE
r-release-macos-arm64 1.1.0 65.00 49.00 114.00 OK
r-release-macos-x86_64 1.1.0 62.00 125.00 187.00 OK
r-release-windows-x86_64 1.0.2 189.00 167.00 356.00 NOTE
r-oldrel-macos-arm64 1.1.0 60.00 50.00 110.00 NOTE
r-oldrel-macos-x86_64 1.1.0 65.00 132.00 197.00 NOTE
r-oldrel-windows-x86_64 1.0.2 233.00 196.00 429.00 NOTE

Check Details

Version: 1.0.2
Check: CRAN incoming feasibility
Result: NOTE Maintainer: ‘Riccardo Corradin <riccardo.corradin@gmail.com>’ No Authors@R field in DESCRIPTION. Please add one, modifying Authors@R: c(person(given = "Riccardo", family = "Corradin", role = c("aut", "cre"), email = "riccardo.corradin@gmail.com"), person(given = "Antonio", family = "Canale", role = "ctb"), person(given = "Bernardo", family = "Nipoti", role = "ctb")) as necessary. Flavors: r-devel-linux-x86_64-debian-clang, r-devel-linux-x86_64-debian-gcc

Version: 1.0.2
Check: whether package can be installed
Result: WARN Found the following significant warnings: /home/hornik/tmp/R.check/r-devel-clang/Work/build/Packages/RcppArmadillo/include/RcppArmadillo/version/arma.h:66:17: warning: Using fallback compilation with Armadillo 14.6.3. Please consider defining -DARMA_USE_CURRENT and also removing C++11 compilation directive. See GitHub issue #475 for more. [-W#pragma-messages] See ‘/home/hornik/tmp/R.check/r-devel-clang/Work/PKGS/BNPmix.Rcheck/00install.out’ for details. * used C compiler: ‘Debian clang version 19.1.7 (7)’ * used C++ compiler: ‘Debian clang version 19.1.7 (7)’ Flavor: r-devel-linux-x86_64-debian-clang

Version: 1.0.2
Check: C++ specification
Result: NOTE Specified C++11: please drop specification unless essential Flavors: r-devel-linux-x86_64-debian-clang, r-devel-linux-x86_64-debian-gcc, r-devel-windows-x86_64, r-patched-linux-x86_64, r-release-linux-x86_64, r-release-windows-x86_64, r-oldrel-windows-x86_64

Version: 1.0.2
Check: HTML version of manual
Result: NOTE Found the following HTML validation problems: MAR.html:124:1 (MAR.Rd:49): Warning: missing </ul> before </div> MAR_L.html:116:1 (MAR_L.Rd:45): Warning: missing </ul> before </div> MAR_mv.html:124:1 (MAR_mv.Rd:49): Warning: missing </ul> before </div> MAR_mv_L.html:116:1 (MAR_mv_L.Rd:45): Warning: missing </ul> before </div> MAR_mv_MKR.html:128:1 (MAR_mv_MKR.Rd:51): Warning: missing </ul> before </div> MAR_mv_MKR_L.html:120:1 (MAR_mv_MKR_L.Rd:47): Warning: missing </ul> before </div> MAR_mv_P.html:124:1 (MAR_mv_P.Rd:49): Warning: missing </ul> before </div> cDDP.html:112:1 (cDDP.Rd:43): Warning: missing </ul> before </div> cICS.html:124:1 (cICS.Rd:49): Warning: missing </ul> before </div> cICS_L.html:116:1 (cICS_L.Rd:45): Warning: missing </ul> before </div> cICS_mv.html:128:1 (cICS_mv.Rd:51): Warning: missing </ul> before </div> cICS_mv_L.html:120:1 (cICS_mv_L.Rd:47): Warning: missing </ul> before </div> cICS_mv_MKR.html:128:1 (cICS_mv_MKR.Rd:51): Warning: missing </ul> before </div> cICS_mv_MKR_L.html:120:1 (cICS_mv_MKR_L.Rd:47): Warning: missing </ul> before </div> cICS_mv_P.html:128:1 (cICS_mv_P.Rd:51): Warning: missing </ul> before </div> cSLI.html:124:1 (cSLI.Rd:49): Warning: missing </ul> before </div> cSLI_L.html:112:1 (cSLI_L.Rd:43): Warning: missing </ul> before </div> cSLI_mv.html:128:1 (cSLI_mv.Rd:51): Warning: missing </ul> before </div> cSLI_mv_L.html:120:1 (cSLI_mv_L.Rd:47): Warning: missing </ul> before </div> cSLI_mv_MKR.html:128:1 (cSLI_mv_MKR.Rd:51): Warning: missing </ul> before </div> cSLI_mv_MKR_L.html:120:1 (cSLI_mv_MKR_L.Rd:47): Warning: missing </ul> before </div> cSLI_mv_P.html:128:1 (cSLI_mv_P.Rd:51): Warning: missing </ul> before </div> Flavors: r-devel-linux-x86_64-debian-clang, r-devel-linux-x86_64-debian-gcc

Version: 1.0.2
Check: whether package can be installed
Result: WARN Found the following significant warnings: /home/hornik/tmp/R.check/r-devel-gcc/Work/build/Packages/RcppArmadillo/include/RcppArmadillo/version/arma.h:66:199: note: ‘#pragma message: Using fallback compilation with Armadillo 14.6.3. Please consider defining -DARMA_USE_CURRENT and also removing C++11 compilation directive. See GitHub issue #475 for more.’ See ‘/home/hornik/tmp/R.check/r-devel-gcc/Work/PKGS/BNPmix.Rcheck/00install.out’ for details. * used C compiler: ‘gcc-15 (Debian 15.2.0-4) 15.2.0’ * used C++ compiler: ‘g++-15 (Debian 15.2.0-4) 15.2.0’ Flavor: r-devel-linux-x86_64-debian-gcc

Version: 1.1.0
Check: installed package size
Result: NOTE installed size is 15.4Mb sub-directories of 1Mb or more: libs 14.3Mb Flavors: r-oldrel-macos-arm64, r-oldrel-macos-x86_64