CRAN Package Check Results for Package BOIN

Last updated on 2025-10-21 17:49:43 CEST.

Flavor Version Tinstall Tcheck Ttotal Status Flags
r-devel-linux-x86_64-debian-clang 2.7.2 5.04 48.96 54.00 NOTE
r-devel-linux-x86_64-debian-gcc 2.7.2 3.96 33.17 37.13 NOTE
r-devel-linux-x86_64-fedora-clang 2.7.2 13.00 73.32 86.32 OK
r-devel-linux-x86_64-fedora-gcc 2.7.2 13.00 67.62 80.62 OK
r-devel-windows-x86_64 2.7.2 6.00 58.00 64.00 OK
r-patched-linux-x86_64 2.7.2 5.19 45.38 50.57 OK
r-release-linux-x86_64 2.7.2 5.47 45.74 51.21 OK
r-release-macos-arm64 2.7.2 2.00 23.00 25.00 OK
r-release-macos-x86_64 2.7.2 4.00 43.00 47.00 OK
r-release-windows-x86_64 2.7.2 5.00 59.00 64.00 OK
r-oldrel-macos-arm64 2.7.2 2.00 26.00 28.00 OK
r-oldrel-macos-x86_64 2.7.2 4.00 33.00 37.00 OK
r-oldrel-windows-x86_64 2.7.2 5.00 59.00 64.00 OK

Check Details

Version: 2.7.2
Check: CRAN incoming feasibility
Result: NOTE Maintainer: ‘Ying Yuan <yyuan@mdanderson.org>’ No Authors@R field in DESCRIPTION. Please add one, modifying Authors@R: c(person(given = "Ying", family = "Yuan", role = c("aut", "cre"), email = "yyuan@mdanderson.org"), person(given = "Suyu", family = "Liu", role = "aut")) as necessary. Flavors: r-devel-linux-x86_64-debian-clang, r-devel-linux-x86_64-debian-gcc