Last updated on 2025-10-21 11:53:17 CEST.
Flavor | Version | Tinstall | Tcheck | Ttotal | Status | Flags |
---|---|---|---|---|---|---|
r-devel-linux-x86_64-debian-clang | 0.1.0 | 2.42 | 27.64 | 30.06 | NOTE | |
r-devel-linux-x86_64-debian-gcc | 0.1.0 | 1.86 | 21.03 | 22.89 | NOTE | |
r-devel-linux-x86_64-fedora-clang | 0.1.0 | 45.85 | OK | |||
r-devel-linux-x86_64-fedora-gcc | 0.1.0 | 42.60 | OK | |||
r-devel-windows-x86_64 | 0.1.0 | 4.00 | 46.00 | 50.00 | OK | |
r-patched-linux-x86_64 | 0.1.0 | 2.90 | 26.33 | 29.23 | OK | |
r-release-linux-x86_64 | 0.1.0 | 1.79 | 25.88 | 27.67 | OK | |
r-release-macos-arm64 | 0.1.0 | 20.00 | OK | |||
r-release-macos-x86_64 | 0.1.0 | 2.00 | 27.00 | 29.00 | OK | |
r-release-windows-x86_64 | 0.1.0 | 4.00 | 51.00 | 55.00 | OK | |
r-oldrel-macos-arm64 | 0.1.0 | 19.00 | NOTE | |||
r-oldrel-macos-x86_64 | 0.1.0 | 25.00 | NOTE | |||
r-oldrel-windows-x86_64 | 0.1.0 | 5.00 | 54.00 | 59.00 | NOTE |
Version: 0.1.0
Check: CRAN incoming feasibility
Result: NOTE
Maintainer: ‘Phillip Murray <phillip.murray18@imperial.ac.uk>’
The Description field contains
Pakkannen (2017) <arXiv:1507.03004v4>, as well as functions to fit BSS
Please refer to arXiv e-prints via their arXiv DOI <doi:10.48550/arXiv.YYMM.NNNNN>.
Flavors: r-devel-linux-x86_64-debian-clang, r-devel-linux-x86_64-debian-gcc
Version: 0.1.0
Check: HTML version of manual
Result: NOTE
Found the following HTML validation problems:
a1Coefficients.html:46:1 (a1Coefficients.Rd:10): Warning: missing </ul> before </div>
a3Coefficients.html:46:1 (a3Coefficients.Rd:10): Warning: missing </ul> before </div>
calculateK.html:50:1 (calculateK.Rd:12): Warning: missing </ul> before </div>
calculateK1.html:46:1 (calculateK1.Rd:10): Warning: missing </ul> before </div>
calculateK2.html:46:1 (calculateK2.Rd:10): Warning: missing </ul> before </div>
calculateK3.html:46:1 (calculateK3.Rd:10): Warning: missing </ul> before </div>
calculateK4.html:46:1 (calculateK4.Rd:10): Warning: missing </ul> before </div>
estimateK.html:50:1 (estimateK.Rd:12): Warning: missing </ul> before </div>
rhoFractionGaussian.html:50:1 (rhoFractionGaussian.Rd:12): Warning: missing </ul> before </div>
Flavors: r-devel-linux-x86_64-debian-clang, r-devel-linux-x86_64-debian-gcc
Version: 0.1.0
Check: LazyData
Result: NOTE
'LazyData' is specified without a 'data' directory
Flavors: r-oldrel-macos-arm64, r-oldrel-macos-x86_64, r-oldrel-windows-x86_64