Last updated on 2025-10-21 11:53:17 CEST.
Flavor | Version | Tinstall | Tcheck | Ttotal | Status | Flags |
---|---|---|---|---|---|---|
r-devel-linux-x86_64-debian-clang | 2.0.0 | 16.03 | 341.56 | 357.59 | NOTE | |
r-devel-linux-x86_64-debian-gcc | 2.0.0 | 11.37 | 242.52 | 253.89 | NOTE | |
r-devel-linux-x86_64-fedora-clang | 2.0.0 | 570.16 | OK | |||
r-devel-linux-x86_64-fedora-gcc | 2.0.0 | 41.00 | 519.98 | 560.98 | OK | |
r-devel-windows-x86_64 | 2.0.0 | 18.00 | 393.00 | 411.00 | OK | |
r-patched-linux-x86_64 | 2.0.0 | 14.81 | 322.10 | 336.91 | OK | |
r-release-linux-x86_64 | 2.0.0 | 15.28 | 319.35 | 334.63 | OK | |
r-release-macos-arm64 | 2.0.0 | 202.00 | OK | |||
r-release-macos-x86_64 | 2.0.0 | 12.00 | 350.00 | 362.00 | OK | |
r-release-windows-x86_64 | 2.0.0 | 18.00 | 395.00 | 413.00 | OK | |
r-oldrel-macos-arm64 | 2.0.0 | 191.00 | OK | |||
r-oldrel-macos-x86_64 | 2.0.0 | 381.00 | OK | |||
r-oldrel-windows-x86_64 | 2.0.0 | 24.00 | 477.00 | 501.00 | OK |
Version: 2.0.0
Check: HTML version of manual
Result: NOTE
Found the following HTML validation problems:
USAcities.html:47:1 (USAcities.Rd:11): Warning: missing </ul> before </div>
county.adjacency.html:47:1 (county.adjacency.Rd:11): Warning: missing </ul> before </div>
simdat.html:47:1 (simdat.Rd:11): Warning: missing </ul> before </div>
Flavors: r-devel-linux-x86_64-debian-clang, r-devel-linux-x86_64-debian-gcc