Last updated on 2025-10-22 05:51:01 CEST.
Flavor | Version | Tinstall | Tcheck | Ttotal | Status | Flags |
---|---|---|---|---|---|---|
r-devel-linux-x86_64-debian-clang | 2.4.3 | 12.98 | 181.45 | 194.43 | NOTE | |
r-devel-linux-x86_64-debian-gcc | 2.4.3 | 8.65 | 123.75 | 132.40 | NOTE | |
r-devel-linux-x86_64-fedora-clang | 2.4.3 | 28.00 | 273.76 | 301.76 | OK | |
r-devel-linux-x86_64-fedora-gcc | 2.4.3 | 26.00 | 285.76 | 311.76 | OK | |
r-devel-windows-x86_64 | 2.4.3 | 15.00 | 220.00 | 235.00 | OK | |
r-patched-linux-x86_64 | 2.4.3 | 13.88 | 171.78 | 185.66 | OK | |
r-release-linux-x86_64 | 2.4.3 | 9.81 | 169.46 | 179.27 | OK | |
r-release-macos-arm64 | 2.4.3 | 8.00 | 121.00 | 129.00 | OK | |
r-release-macos-x86_64 | 2.4.3 | 11.00 | 173.00 | 184.00 | OK | |
r-release-windows-x86_64 | 2.4.3 | 18.00 | 229.00 | 247.00 | OK | |
r-oldrel-macos-arm64 | 2.4.3 | 5.00 | 80.00 | 85.00 | OK | |
r-oldrel-macos-x86_64 | 2.4.3 | 15.00 | 198.00 | 213.00 | OK | |
r-oldrel-windows-x86_64 | 2.4.3 | 20.00 | 282.00 | 302.00 | OK |
Version: 2.4.3
Check: HTML version of manual
Result: NOTE
Found the following HTML validation problems:
addLogs.html:50:1 (addLogs.Rd:12): Warning: missing </ul> before </div>
subLogs.html:50:1 (subLogs.Rd:12): Warning: missing </ul> before </div>
Flavors: r-devel-linux-x86_64-debian-clang, r-devel-linux-x86_64-debian-gcc