Last updated on 2025-10-25 06:49:35 CEST.
| Flavor | Version | Tinstall | Tcheck | Ttotal | Status | Flags |
|---|---|---|---|---|---|---|
| r-devel-linux-x86_64-debian-clang | 1.1.0 | 6.67 | 38.92 | 45.59 | OK | |
| r-devel-linux-x86_64-debian-gcc | 1.1.0 | 4.46 | 29.45 | 33.91 | OK | |
| r-devel-linux-x86_64-fedora-clang | 1.1.0 | 13.00 | 58.13 | 71.13 | OK | |
| r-devel-linux-x86_64-fedora-gcc | 1.1.0 | 21.00 | 50.59 | 71.59 | OK | |
| r-devel-windows-x86_64 | 1.1.0 | 9.00 | 64.00 | 73.00 | NOTE | |
| r-patched-linux-x86_64 | 1.1.0 | 6.43 | 39.67 | 46.10 | OK | |
| r-release-linux-x86_64 | 1.1.0 | 6.34 | 38.80 | 45.14 | OK | |
| r-release-macos-arm64 | 1.1.0 | 4.00 | 25.00 | 29.00 | OK | |
| r-release-macos-x86_64 | 1.1.0 | 6.00 | 47.00 | 53.00 | OK | |
| r-release-windows-x86_64 | 1.1.0 | 9.00 | 68.00 | 77.00 | NOTE | |
| r-oldrel-macos-arm64 | 1.1.0 | 4.00 | 26.00 | 30.00 | OK | |
| r-oldrel-macos-x86_64 | 1.1.0 | 4.00 | 34.00 | 38.00 | OK | |
| r-oldrel-windows-x86_64 | 1.1.0 | 14.00 | 80.00 | 94.00 | NOTE |
Version: 1.1.0
Check: C++ specification
Result: NOTE
Specified C++11: please drop specification unless essential
Flavors: r-devel-windows-x86_64, r-release-windows-x86_64, r-oldrel-windows-x86_64