Last updated on 2025-10-24 11:50:41 CEST.
| Flavor | Version | Tinstall | Tcheck | Ttotal | Status | Flags |
|---|---|---|---|---|---|---|
| r-devel-linux-x86_64-debian-clang | 1.1.0 | 22.38 | 297.82 | 320.20 | OK | |
| r-devel-linux-x86_64-debian-gcc | 1.1.0 | 18.03 | 255.40 | 273.43 | OK | |
| r-devel-linux-x86_64-fedora-clang | 1.1.0 | 50.00 | 407.66 | 457.66 | NOTE | |
| r-devel-linux-x86_64-fedora-gcc | 1.1.0 | 95.00 | 495.03 | 590.03 | NOTE | |
| r-devel-windows-x86_64 | 1.1.0 | 17.00 | 400.00 | 417.00 | OK | |
| r-patched-linux-x86_64 | 1.1.0 | 25.00 | 335.61 | 360.61 | OK | |
| r-release-linux-x86_64 | 1.1.0 | 16.81 | 327.32 | 344.13 | OK | |
| r-release-macos-arm64 | 1.1.0 | 6.00 | 140.00 | 146.00 | OK | |
| r-release-macos-x86_64 | 1.1.0 | 9.00 | 311.00 | 320.00 | OK | |
| r-release-windows-x86_64 | 1.1.0 | 16.00 | 426.00 | 442.00 | OK | |
| r-oldrel-macos-arm64 | 1.1.0 | 6.00 | 144.00 | 150.00 | OK | |
| r-oldrel-macos-x86_64 | 1.1.0 | 9.00 | 268.00 | 277.00 | OK | |
| r-oldrel-windows-x86_64 | 1.1.0 | 22.00 | 368.00 | 390.00 | OK |
Version: 1.1.0
Check: dependencies in R code
Result: NOTE
Namespaces in Imports field not imported from:
‘gridExtra’ ‘loo’ ‘stringr’ ‘xlsx’
All declared Imports should be used.
Flavors: r-devel-linux-x86_64-fedora-clang, r-devel-linux-x86_64-fedora-gcc