Last updated on 2025-10-21 11:53:17 CEST.
Flavor | Version | Tinstall | Tcheck | Ttotal | Status | Flags |
---|---|---|---|---|---|---|
r-devel-linux-x86_64-debian-clang | 1.2.1 | 12.05 | 130.64 | 142.69 | NOTE | |
r-devel-linux-x86_64-debian-gcc | 1.2.1 | 8.97 | 83.46 | 92.43 | NOTE | |
r-devel-linux-x86_64-fedora-clang | 1.2.1 | 213.71 | OK | |||
r-devel-linux-x86_64-fedora-gcc | 1.2.1 | 28.00 | 185.28 | 213.28 | OK | |
r-devel-windows-x86_64 | 1.2.1 | 16.00 | 129.00 | 145.00 | OK | |
r-patched-linux-x86_64 | 1.2.1 | 13.16 | 121.68 | 134.84 | OK | |
r-release-linux-x86_64 | 1.2.1 | 11.06 | 118.75 | 129.81 | OK | |
r-release-macos-arm64 | 1.2.1 | 66.00 | OK | |||
r-release-macos-x86_64 | 1.2.1 | 12.00 | 99.00 | 111.00 | OK | |
r-release-windows-x86_64 | 1.2.1 | 19.00 | 126.00 | 145.00 | OK | |
r-oldrel-macos-arm64 | 1.2.1 | 57.00 | OK | |||
r-oldrel-macos-x86_64 | 1.2.1 | 93.00 | OK | |||
r-oldrel-windows-x86_64 | 1.2.1 | 22.00 | 153.00 | 175.00 | OK |
Version: 1.2.1
Check: HTML version of manual
Result: NOTE
Found the following HTML validation problems:
biv.rec.plot.html:65:1 (biv.rec.plot.Rd:18): Warning: missing </ul> before </div>
coef.bivrecReg.html:51:1 (coef.bivrecReg.Rd:12): Warning: missing </ul> before </div>
confint.bivrecReg.html:59:1 (confint.bivrecReg.Rd:16): Warning: missing </ul> before </div>
head.bivrecNP.html:51:1 (head.bivrecNP.Rd:12): Warning: missing </ul> before </div>
plot.bivrecNP.html:59:1 (plot.bivrecNP.Rd:16): Warning: missing </ul> before </div>
plotCond.html:50:1 (plotCond.Rd:12): Warning: missing </ul> before </div>
plotJoint.html:50:1 (plotJoint.Rd:12): Warning: missing </ul> before </div>
plotMarg.html:50:1 (plotMarg.Rd:12): Warning: missing </ul> before </div>
print.bivrecNP.html:51:1 (print.bivrecNP.Rd:12): Warning: missing </ul> before </div>
print.bivrecReg.html:51:1 (print.bivrecReg.Rd:12): Warning: missing </ul> before </div>
print.summary.bivrecReg.html:51:1 (print.summary.bivrecReg.Rd:12): Warning: missing </ul> before </div>
summary.bivrecReg.html:51:1 (summary.bivrecReg.Rd:12): Warning: missing </ul> before </div>
vcov.bivrecReg.html:51:1 (vcov.bivrecReg.Rd:12): Warning: missing </ul> before </div>
Flavors: r-devel-linux-x86_64-debian-clang, r-devel-linux-x86_64-debian-gcc