Last updated on 2025-10-25 06:49:35 CEST.
| Flavor | Version | Tinstall | Tcheck | Ttotal | Status | Flags |
|---|---|---|---|---|---|---|
| r-devel-linux-x86_64-debian-clang | 1.3.3 | 9.13 | 67.28 | 76.41 | NOTE | |
| r-devel-linux-x86_64-debian-gcc | 1.3.3 | 6.37 | 50.31 | 56.68 | NOTE | |
| r-devel-linux-x86_64-fedora-clang | 1.3.3 | 16.00 | 98.29 | 114.29 | OK | |
| r-devel-linux-x86_64-fedora-gcc | 1.3.3 | 16.00 | 95.59 | 111.59 | OK | |
| r-devel-windows-x86_64 | 1.3.3 | 9.00 | 72.00 | 81.00 | OK | |
| r-patched-linux-x86_64 | 1.3.3 | 8.02 | 64.09 | 72.11 | OK | |
| r-release-linux-x86_64 | 1.3.3 | 7.91 | 64.05 | 71.96 | OK | |
| r-release-macos-arm64 | 1.3.3 | 4.00 | 28.00 | 32.00 | OK | |
| r-release-macos-x86_64 | 1.3.3 | 5.00 | 45.00 | 50.00 | OK | |
| r-release-windows-x86_64 | 1.3.3 | 8.00 | 75.00 | 83.00 | OK | |
| r-oldrel-macos-arm64 | 1.3.3 | 3.00 | 27.00 | 30.00 | OK | |
| r-oldrel-macos-x86_64 | 1.3.3 | 4.00 | 42.00 | 46.00 | OK | |
| r-oldrel-windows-x86_64 | 1.3.3 | 12.00 | 87.00 | 99.00 | OK |
Version: 1.3.3
Check: CRAN incoming feasibility
Result: NOTE
Maintainer: ‘Ran Gao <rgao8@uic.edu>’
No Authors@R field in DESCRIPTION.
Please add one, modifying
Authors@R: c(person(given = "Hakan",
family = "Demirtas",
role = "aut"),
person(given = "Rawan",
family = "Allozi",
role = "aut"),
person(given = "Ran",
family = "Gao",
role = c("aut", "cre"),
email = "rgao8@uic.edu"))
as necessary.
Flavors: r-devel-linux-x86_64-debian-clang, r-devel-linux-x86_64-debian-gcc