Last updated on 2025-10-24 05:50:34 CEST.
| Flavor | Version | Tinstall | Tcheck | Ttotal | Status | Flags |
|---|---|---|---|---|---|---|
| r-devel-linux-x86_64-debian-clang | 1.0-7 | 11.60 | 118.14 | 129.74 | NOTE | |
| r-devel-linux-x86_64-debian-gcc | 1.0-7 | 6.52 | 84.79 | 91.31 | NOTE | |
| r-devel-linux-x86_64-fedora-clang | 1.0-7 | 22.00 | 170.03 | 192.03 | OK | |
| r-devel-linux-x86_64-fedora-gcc | 1.0-7 | 21.00 | 178.53 | 199.53 | OK | |
| r-devel-windows-x86_64 | 1.0-7 | 12.00 | 126.00 | 138.00 | OK | |
| r-patched-linux-x86_64 | 1.0-7 | 11.29 | 111.06 | 122.35 | OK | |
| r-release-linux-x86_64 | 1.0-7 | 10.96 | 113.03 | 123.99 | OK | |
| r-release-macos-arm64 | 1.0-7 | 5.00 | 55.00 | 60.00 | OK | |
| r-release-macos-x86_64 | 1.0-7 | 9.00 | 106.00 | 115.00 | OK | |
| r-release-windows-x86_64 | 1.0-7 | 12.00 | 129.00 | 141.00 | OK | |
| r-oldrel-macos-arm64 | 1.0-7 | 5.00 | 57.00 | 62.00 | OK | |
| r-oldrel-macos-x86_64 | 1.0-7 | 7.00 | 80.00 | 87.00 | OK | |
| r-oldrel-windows-x86_64 | 1.0-7 | 16.00 | 155.00 | 171.00 | OK |
Version: 1.0-7
Check: CRAN incoming feasibility
Result: NOTE
Maintainer: ‘Anoop Shah <anoop@doctors.org.uk>’
Package CITATION file contains call(s) to old-style personList() or
as.personList(). Please use c() on person objects instead.
Package CITATION file contains call(s) to old-style citEntry(). Please
use bibentry() instead.
Flavors: r-devel-linux-x86_64-debian-clang, r-devel-linux-x86_64-debian-gcc