Last updated on 2025-10-21 17:49:43 CEST.
Flavor | Version | Tinstall | Tcheck | Ttotal | Status | Flags |
---|---|---|---|---|---|---|
r-devel-linux-x86_64-debian-clang | 1.0.0 | 41.75 | 367.64 | 409.39 | NOTE | |
r-devel-linux-x86_64-debian-gcc | 1.0.0 | 30.12 | 259.41 | 289.53 | NOTE | |
r-devel-linux-x86_64-fedora-clang | 1.0.0 | 437.00 | 274.79 | 711.79 | OK | |
r-devel-linux-x86_64-fedora-gcc | 1.0.0 | 203.00 | 484.24 | 687.24 | OK | |
r-devel-windows-x86_64 | 1.0.0 | 46.00 | 327.00 | 373.00 | NOTE | |
r-patched-linux-x86_64 | 1.0.0 | 38.83 | 349.74 | 388.57 | NOTE | |
r-release-linux-x86_64 | 1.0.0 | 43.54 | 354.09 | 397.63 | NOTE | |
r-release-macos-arm64 | 1.0.0 | 5.00 | ERROR | |||
r-release-macos-x86_64 | 1.0.0 | 15.00 | ERROR | |||
r-release-windows-x86_64 | 1.0.0 | 44.00 | 336.00 | 380.00 | NOTE | |
r-oldrel-macos-arm64 | 1.0.0 | 13.00 | ERROR | |||
r-oldrel-macos-x86_64 | 1.0.0 | 31.00 | 228.00 | 259.00 | OK | |
r-oldrel-windows-x86_64 | 1.0.0 | 59.00 | 423.00 | 482.00 | OK |
Version: 1.0.0
Check: Rd cross-references
Result: NOTE
Found the following Rd file(s) with Rd \link{} targets missing package
anchors:
BuildGeneSets.Rd: edgeR, org.Hs.eg.db, org.Mm.eg.db
CAMML.Rd: vamForSeurat
ChIMP.Rd: vamForSeurat
GetGeneSets.Rd: org.Hs.eg.db, org.Mm.eg.db
Please provide package anchors for all Rd \link{} targets not in the
package itself and the base packages.
Flavors: r-devel-linux-x86_64-debian-clang, r-devel-linux-x86_64-debian-gcc, r-devel-windows-x86_64, r-patched-linux-x86_64, r-release-linux-x86_64, r-release-windows-x86_64
Version: 1.0.0
Check: package dependencies
Result: ERROR
Packages required but not available:
'org.Hs.eg.db', 'org.Dr.eg.db', 'org.Mm.eg.db'
See section ‘The DESCRIPTION file’ in the ‘Writing R Extensions’
manual.
Flavor: r-release-macos-arm64
Version: 1.0.0
Check: package dependencies
Result: ERROR
Packages required but not available: 'org.Dr.eg.db', 'org.Mm.eg.db'
See section ‘The DESCRIPTION file’ in the ‘Writing R Extensions’
manual.
Flavors: r-release-macos-x86_64, r-oldrel-macos-arm64