CRAN Package Check Results for Package CCP

Last updated on 2025-10-21 17:49:44 CEST.

Flavor Version Tinstall Tcheck Ttotal Status Flags
r-devel-linux-x86_64-debian-clang 1.2 1.89 28.11 30.00 NOTE
r-devel-linux-x86_64-debian-gcc 1.2 1.53 20.84 22.37 NOTE
r-devel-linux-x86_64-fedora-clang 1.2 44.41 OK
r-devel-linux-x86_64-fedora-gcc 1.2 43.57 OK
r-devel-windows-x86_64 1.2 4.00 47.00 51.00 OK
r-patched-linux-x86_64 1.2 2.13 26.31 28.44 OK
r-release-linux-x86_64 1.2 1.85 26.51 28.36 OK
r-release-macos-arm64 1.2 1.00 16.00 17.00 OK
r-release-macos-x86_64 1.2 2.00 28.00 30.00 OK
r-release-windows-x86_64 1.2 3.00 48.00 51.00 OK
r-oldrel-macos-arm64 1.2 1.00 20.00 21.00 OK
r-oldrel-macos-x86_64 1.2 1.00 35.00 36.00 OK
r-oldrel-windows-x86_64 1.2 3.00 46.00 49.00 OK

Check Details

Version: 1.2
Check: CRAN incoming feasibility
Result: NOTE Maintainer: ‘Uwe Menzel <uwemenzel@gmail.com>’ No Authors@R field in DESCRIPTION. Please add one, modifying Authors@R: person(given = "Uwe", family = "Menzel", role = c("aut", "cre"), email = "uwemenzel@gmail.com") as necessary. Flavors: r-devel-linux-x86_64-debian-clang, r-devel-linux-x86_64-debian-gcc