Last updated on 2025-10-23 17:50:43 CEST.
Flavor | Version | Tinstall | Tcheck | Ttotal | Status | Flags |
---|---|---|---|---|---|---|
r-devel-linux-x86_64-debian-clang | 2.2.0 | 10.05 | 590.14 | 600.19 | NOTE | |
r-devel-linux-x86_64-debian-gcc | 2.2.0 | 6.07 | 416.19 | 422.26 | NOTE | |
r-devel-linux-x86_64-fedora-clang | 2.2.0 | 55.00 | 879.20 | 934.20 | NOTE | |
r-devel-linux-x86_64-fedora-gcc | 2.2.0 | 32.00 | 907.54 | 939.54 | NOTE | |
r-devel-windows-x86_64 | 2.2.0 | 10.00 | 480.00 | 490.00 | OK | |
r-patched-linux-x86_64 | 2.2.0 | 9.23 | 574.70 | 583.93 | OK | |
r-release-linux-x86_64 | 2.2.0 | 8.51 | 572.60 | 581.11 | OK | |
r-release-macos-arm64 | 2.2.0 | 4.00 | 298.00 | 302.00 | OK | |
r-release-macos-x86_64 | 2.2.0 | 9.00 | 480.00 | 489.00 | OK | |
r-release-windows-x86_64 | 2.2.0 | 12.00 | 466.00 | 478.00 | OK | |
r-oldrel-macos-arm64 | 2.2.0 | 4.00 | 278.00 | 282.00 | OK | |
r-oldrel-macos-x86_64 | 2.2.0 | 8.00 | 414.00 | 422.00 | OK | |
r-oldrel-windows-x86_64 | 2.2.0 | 16.00 | 733.00 | 749.00 | OK |
Version: 2.2.0
Check: HTML version of manual
Result: NOTE
Found the following HTML validation problems:
cdmDisconnect.db_cdm.html:58:1 (cdmDisconnect.db_cdm.Rd:14): Warning: missing </ul> before </div>
dbSource.html:51:1 (dbSource.Rd:13): Warning: missing </ul> before </div>
dropTable.db_cdm.html:51:1 (dropTable.db_cdm.Rd:12): Warning: missing </ul> before </div>
readCohortSet.html:54:1 (readCohortSet.Rd:12): Warning: missing </ul> before </div>
Flavor: r-devel-linux-x86_64-debian-clang
Version: 2.2.0
Check: Rd files
Result: NOTE
checkRd: (-1) tblGroup.Rd:21: height/width attributes should be in pixels
Flavors: r-devel-linux-x86_64-debian-gcc, r-devel-linux-x86_64-fedora-clang, r-devel-linux-x86_64-fedora-gcc