CRAN Package Check Results for Package CGE

Last updated on 2025-10-21 17:49:44 CEST.

Flavor Version Tinstall Tcheck Ttotal Status Flags
r-devel-linux-x86_64-debian-clang 0.3.3 4.48 46.62 51.10 NOTE
r-devel-linux-x86_64-debian-gcc 0.3.3 2.92 32.44 35.36 NOTE
r-devel-linux-x86_64-fedora-clang 0.3.3 75.17 OK
r-devel-linux-x86_64-fedora-gcc 0.3.3 11.00 61.95 72.95 OK
r-devel-windows-x86_64 0.3.3 7.00 66.00 73.00 OK
r-patched-linux-x86_64 0.3.3 5.25 43.64 48.89 OK
r-release-linux-x86_64 0.3.3 3.97 42.92 46.89 OK
r-release-macos-arm64 0.3.3 2.00 25.00 27.00 OK
r-release-macos-x86_64 0.3.3 4.00 46.00 50.00 OK
r-release-windows-x86_64 0.3.3 7.00 68.00 75.00 OK
r-oldrel-macos-arm64 0.3.3 2.00 28.00 30.00 NOTE
r-oldrel-macos-x86_64 0.3.3 3.00 38.00 41.00 NOTE
r-oldrel-windows-x86_64 0.3.3 6.00 66.00 72.00 NOTE

Check Details

Version: 0.3.3
Check: CRAN incoming feasibility
Result: NOTE Maintainer: ‘LI Wu <liwu@staff.shu.edu.cn>’ No Authors@R field in DESCRIPTION. Please add one, modifying Authors@R: person(given = "LI", family = "Wu", role = c("aut", "cre"), email = "liwu@staff.shu.edu.cn") as necessary. Flavors: r-devel-linux-x86_64-debian-clang, r-devel-linux-x86_64-debian-gcc

Version: 0.3.3
Check: LazyData
Result: NOTE 'LazyData' is specified without a 'data' directory Flavors: r-oldrel-macos-arm64, r-oldrel-macos-x86_64, r-oldrel-windows-x86_64