Last updated on 2025-10-21 17:49:44 CEST.
Flavor | Version | Tinstall | Tcheck | Ttotal | Status | Flags |
---|---|---|---|---|---|---|
r-devel-linux-x86_64-debian-clang | 1.1.1 | 13.67 | 90.30 | 103.97 | NOTE | |
r-devel-linux-x86_64-debian-gcc | 1.1.1 | 7.57 | 63.81 | 71.38 | NOTE | |
r-devel-linux-x86_64-fedora-clang | 1.1.1 | 29.00 | 127.99 | 156.99 | OK | |
r-devel-linux-x86_64-fedora-gcc | 1.1.1 | 27.00 | 119.49 | 146.49 | OK | |
r-devel-windows-x86_64 | 1.1.1 | 13.00 | 96.00 | 109.00 | OK | |
r-patched-linux-x86_64 | 1.1.1 | 12.02 | 84.34 | 96.36 | OK | |
r-release-linux-x86_64 | 1.1.1 | 11.77 | 83.86 | 95.63 | OK | |
r-release-macos-arm64 | 1.1.1 | 4.00 | 31.00 | 35.00 | OK | |
r-release-macos-x86_64 | 1.1.1 | 9.00 | 58.00 | 67.00 | OK | |
r-release-windows-x86_64 | 1.1.1 | 14.00 | 99.00 | 113.00 | OK | |
r-oldrel-macos-arm64 | 1.1.1 | 6.00 | 39.00 | 45.00 | OK | |
r-oldrel-macos-x86_64 | 1.1.1 | 12.00 | 84.00 | 96.00 | OK | |
r-oldrel-windows-x86_64 | 1.1.1 | 19.00 | 132.00 | 151.00 | OK |
Version: 1.1.1
Check: CRAN incoming feasibility
Result: NOTE
Maintainer: ‘Jeffrey Durieux <durieux.jeffrey@gmail.com>’
No Authors@R field in DESCRIPTION.
Please add one, modifying
Authors@R: c(person(given = "Jeffrey",
family = "Durieux",
role = c("aut", "cre"),
email = "durieux.jeffrey@gmail.com"),
person(given = "Tom",
family = "Wilderjans",
role = "aut"),
person(given = c("Juan", "Claramunt"),
family = "Gonzalez",
role = "ctb"))
as necessary.
Flavors: r-devel-linux-x86_64-debian-clang, r-devel-linux-x86_64-debian-gcc
Version: 1.1.1
Check: HTML version of manual
Result: NOTE
Found the following HTML validation problems:
pass_papaya.html:80:1 (pass_papaya.Rd:31): Warning: missing </ul> before </div>
Flavors: r-devel-linux-x86_64-debian-clang, r-devel-linux-x86_64-debian-gcc