Last updated on 2025-10-24 05:50:34 CEST.
| Flavor | Version | Tinstall | Tcheck | Ttotal | Status | Flags |
|---|---|---|---|---|---|---|
| r-devel-linux-x86_64-debian-clang | 1.2.2 | 14.07 | 296.81 | 310.88 | OK | |
| r-devel-linux-x86_64-debian-gcc | 1.2.2 | 10.70 | 173.02 | 183.72 | OK | |
| r-devel-linux-x86_64-fedora-clang | 1.2.2 | 31.00 | 457.38 | 488.38 | NOTE | |
| r-devel-linux-x86_64-fedora-gcc | 1.2.2 | 63.00 | 463.66 | 526.66 | NOTE | |
| r-devel-windows-x86_64 | 1.2.2 | 16.00 | 235.00 | 251.00 | OK | |
| r-patched-linux-x86_64 | 1.2.2 | 13.17 | 278.15 | 291.32 | OK | |
| r-release-linux-x86_64 | 1.2.2 | 13.59 | 284.60 | 298.19 | OK | |
| r-release-macos-arm64 | 1.2.2 | 6.00 | 104.00 | 110.00 | OK | |
| r-release-macos-x86_64 | 1.2.2 | 10.00 | 230.00 | 240.00 | OK | |
| r-release-windows-x86_64 | 1.2.2 | 17.00 | 229.00 | 246.00 | OK | |
| r-oldrel-macos-arm64 | 1.2.2 | 6.00 | 94.00 | 100.00 | OK | |
| r-oldrel-macos-x86_64 | 1.2.2 | 8.00 | 167.00 | 175.00 | OK | |
| r-oldrel-windows-x86_64 | 1.2.2 | 22.00 | 339.00 | 361.00 | OK |
Version: 1.2.2
Check: dependencies in R code
Result: NOTE
Namespace in Imports field not imported from: ‘circlize’
All declared Imports should be used.
Flavors: r-devel-linux-x86_64-fedora-clang, r-devel-linux-x86_64-fedora-gcc