Last updated on 2025-10-21 11:53:18 CEST.
Flavor | Version | Tinstall | Tcheck | Ttotal | Status | Flags |
---|---|---|---|---|---|---|
r-devel-linux-x86_64-debian-clang | 0.2.3 | 46.02 | 65.45 | 111.47 | NOTE | |
r-devel-linux-x86_64-debian-gcc | 0.2.3 | 36.74 | 52.60 | 89.34 | NOTE | |
r-devel-linux-x86_64-fedora-clang | 0.2.3 | 174.79 | OK | |||
r-devel-linux-x86_64-fedora-gcc | 0.2.3 | 129.00 | 66.37 | 195.37 | OK | |
r-devel-windows-x86_64 | 0.2.3 | 50.00 | 102.00 | 152.00 | OK | |
r-patched-linux-x86_64 | 0.2.3 | 51.37 | 66.49 | 117.86 | OK | |
r-release-linux-x86_64 | 0.2.3 | 50.21 | 66.12 | 116.33 | OK | |
r-release-macos-arm64 | 0.2.3 | 54.00 | OK | |||
r-release-macos-x86_64 | 0.2.3 | 44.00 | 71.00 | 115.00 | OK | |
r-release-windows-x86_64 | 0.2.3 | 51.00 | 104.00 | 155.00 | OK | |
r-oldrel-macos-arm64 | 0.2.3 | 50.00 | NOTE | |||
r-oldrel-macos-x86_64 | 0.2.3 | 77.00 | NOTE | |||
r-oldrel-windows-x86_64 | 0.2.3 | 60.00 | 127.00 | 187.00 | NOTE |
Version: 0.2.3
Check: CRAN incoming feasibility
Result: NOTE
Maintainer: ‘Haoyu Zhang <andrew.haoyu@gmail.com>’
No Authors@R field in DESCRIPTION.
Please add one, modifying
Authors@R: c(person(given = "Ni",
family = "Zhao",
role = "aut"),
person(given = "Haoyu",
family = "Zhang",
role = c("aut", "cre"),
email = "andrew.haoyu@gmail.com"))
as necessary.
Flavors: r-devel-linux-x86_64-debian-clang, r-devel-linux-x86_64-debian-gcc
Version: 0.2.3
Check: HTML version of manual
Result: NOTE
Found the following HTML validation problems:
ColSum_C.html:46:1 (ColSum_C.Rd:10): Warning: missing </ul> before </div>
ColSumtwomatrix_C.html:50:1 (ColSumtwomatrix_C.Rd:12): Warning: missing </ul> before </div>
Eigen_C.html:46:1 (Eigen_C.Rd:10): Warning: missing </ul> before </div>
Eigen_C_value.html:46:1 (Eigen_C_value.Rd:10): Warning: missing </ul> before </div>
Elementwisesquare_C.html:46:1 (Elementwisesquare_C.Rd:10): Warning: missing </ul> before </div>
LR0_fixRho_C.html:62:1 (LR0_fixRho_C.Rd:18): Warning: missing </ul> before </div>
LR0_fixRho_LRT_C.html:66:1 (LR0_fixRho_LRT_C.Rd:20): Warning: missing </ul> before </div>
MatMult_C.html:50:1 (MatMult_C.Rd:12): Warning: missing </ul> before </div>
MatrixPlus_C.html:50:1 (MatrixPlus_C.Rd:12): Warning: missing </ul> before </div>
MatrixRowMax_C.html:46:1 (MatrixRowMax_C.Rd:10): Warning: missing </ul> before </div>
NumxMatrix_C.html:50:1 (NumxMatrix_C.Rd:12): Warning: missing </ul> before </div>
Sum_C.html:46:1 (Sum_C.Rd:10): Warning: missing </ul> before </div>
VecMultMat_C.html:50:1 (VecMultMat_C.Rd:12): Warning: missing </ul> before </div>
Vecplus_C.html:50:1 (Vecplus_C.Rd:12): Warning: missing </ul> before </div>
doubleloop.html:82:1 (doubleloop.Rd:28): Warning: missing </ul> before </div>
doubleloop_LRT.html:83:1 (doubleloop_LRT.Rd:29): Warning: missing </ul> before </div>
getp_Qreg_P.html:54:1 (getp_Qreg_P.Rd:14): Warning: missing </ul> before </div>
getp_Qreg_dir.html:54:1 (getp_Qreg_dir.Rd:14): Warning: missing </ul> before </div>
getp_Qreg_logP.html:54:1 (getp_Qreg_logP.Rd:14): Warning: missing </ul> before </div>
getp_au1.html:50:1 (getp_au1.Rd:12): Warning: missing </ul> before </div>
getp_aud_estimate_pi_first.html:50:1 (getp_aud_estimate_pi_first.Rd:12): Warning: missing </ul> before </div>
ifelsetest_C.html:46:1 (ifelsetest_C.Rd:10): Warning: missing </ul> before </div>
Flavors: r-devel-linux-x86_64-debian-clang, r-devel-linux-x86_64-debian-gcc
Version: 0.2.3
Check: installed package size
Result: NOTE
installed size is 21.2Mb
sub-directories of 1Mb or more:
libs 20.9Mb
Flavors: r-oldrel-macos-arm64, r-oldrel-macos-x86_64
Version: 0.2.3
Check: LazyData
Result: NOTE
'LazyData' is specified without a 'data' directory
Flavors: r-oldrel-macos-arm64, r-oldrel-macos-x86_64, r-oldrel-windows-x86_64