Last updated on 2025-10-21 17:49:44 CEST.
Flavor | Version | Tinstall | Tcheck | Ttotal | Status | Flags |
---|---|---|---|---|---|---|
r-devel-linux-x86_64-debian-clang | 0.96-3 | 2.40 | 91.41 | 93.81 | NOTE | |
r-devel-linux-x86_64-debian-gcc | 0.96-3 | 2.22 | 60.01 | 62.23 | NOTE | |
r-devel-linux-x86_64-fedora-clang | 0.96-3 | 136.91 | OK | |||
r-devel-linux-x86_64-fedora-gcc | 0.96-3 | 139.74 | OK | |||
r-devel-windows-x86_64 | 0.96-3 | 4.00 | 110.00 | 114.00 | OK | |
r-patched-linux-x86_64 | 0.96-3 | 2.71 | 84.70 | 87.41 | OK | |
r-release-linux-x86_64 | 0.96-3 | 2.81 | 85.73 | 88.54 | OK | |
r-release-macos-arm64 | 0.96-3 | 1.00 | 46.00 | 47.00 | OK | |
r-release-macos-x86_64 | 0.96-3 | 2.00 | 113.00 | 115.00 | OK | |
r-release-windows-x86_64 | 0.96-3 | 3.00 | 109.00 | 112.00 | OK | |
r-oldrel-macos-arm64 | 0.96-3 | 1.00 | 49.00 | 50.00 | OK | |
r-oldrel-macos-x86_64 | 0.96-3 | 3.00 | 154.00 | 157.00 | OK | |
r-oldrel-windows-x86_64 | 0.96-3 | 5.00 | 136.00 | 141.00 | OK |
Version: 0.96-3
Check: top-level files
Result: NOTE
Found the following validation problem for the NEWS.Rd HTML conversion:
NEWS.html:225:1 (inst/NEWS.Rd:116): Warning: missing </ul> before </div>
NEWS.html:40:1 (inst/NEWS.Rd:16): Warning: <h4> anchor "Tweaks" already defined
NEWS.html:58:1 (inst/NEWS.Rd:25): Warning: <h4> anchor "Tweaks" already defined
NEWS.html:125:1 (inst/NEWS.Rd:64): Warning: <h4> anchor "New-Features" already defined
NEWS.html:145:1 (inst/NEWS.Rd:76): Warning: <h4> anchor "Bug-Fixes" already defined
NEWS.html:176:1 (inst/NEWS.Rd:96): Warning: <h4> anchor "New-Features" already defined
NEWS.html:193:1 (inst/NEWS.Rd:103): Warning: <h4> anchor "Bug-Fixes" already defined
NEWS.html:211:1 (inst/NEWS.Rd:112): Warning: <h4> anchor "New-Features" already defined
Flavors: r-devel-linux-x86_64-debian-clang, r-devel-linux-x86_64-debian-gcc