Last updated on 2025-10-21 23:50:50 CEST.
Flavor | Version | Tinstall | Tcheck | Ttotal | Status | Flags |
---|---|---|---|---|---|---|
r-devel-linux-x86_64-debian-clang | 3.1.0.1 | 20.09 | 99.01 | 119.10 | NOTE | |
r-devel-linux-x86_64-debian-gcc | 3.1.0.1 | 12.57 | 62.64 | 75.21 | NOTE | |
r-devel-linux-x86_64-fedora-clang | 3.1.0.1 | 46.00 | 139.34 | 185.34 | OK | |
r-devel-linux-x86_64-fedora-gcc | 3.1.0.1 | 53.00 | 121.38 | 174.38 | OK | |
r-devel-windows-x86_64 | 3.1.0.1 | 22.00 | 116.00 | 138.00 | OK | |
r-patched-linux-x86_64 | 3.1.0.1 | 23.30 | 91.96 | 115.26 | OK | |
r-release-linux-x86_64 | 3.1.0.1 | 19.79 | 91.63 | 111.42 | OK | |
r-release-macos-arm64 | 3.1.0.1 | 8.00 | 37.00 | 45.00 | OK | |
r-release-macos-x86_64 | 3.1.0.1 | 17.00 | 75.00 | 92.00 | OK | |
r-release-windows-x86_64 | 3.1.0.1 | 26.00 | 122.00 | 148.00 | OK | |
r-oldrel-macos-arm64 | 3.1.0.1 | 8.00 | 42.00 | 50.00 | OK | |
r-oldrel-macos-x86_64 | 3.1.0.1 | 16.00 | 74.00 | 90.00 | OK | |
r-oldrel-windows-x86_64 | 3.1.0.1 | 34.00 | 144.00 | 178.00 | OK |
Version: 3.1.0.1
Check: HTML version of manual
Result: NOTE
Found the following HTML validation problems:
ExtraDoseDataType-class.html:48:1 (ExtraDoseDataType-class.Rd:13): Warning: missing </ul> before </div>
NlmeColumnMap-class.html:48:1 (NlmeColumnMap-class.Rd:13): Warning: missing </ul> before </div>
NlmeCovarItem-class.html:44:1 (NlmeCovarItem-class.Rd:11): Warning: missing </ul> before </div>
NlmeCovariateParameter-class.html:73:1 (NlmeCovariateParameter-class.Rd:26): Warning: missing </ul> before </div>
NlmeEmaxParameters-class.html:52:1 (NlmeEmaxParameters-class.Rd:15): Warning: missing </ul> before </div>
NlmeErrorModel-class.html:44:1 (NlmeErrorModel-class.Rd:11): Warning: missing </ul> before </div>
NlmeIndirectParameters-class.html:58:1 (NlmeIndirectParameters-class.Rd:19): Warning: missing </ul> before </div>
NlmePkParameters-class.html:80:1 (NlmePkParameters-class.Rd:29): Warning: missing </ul> before </div>
NlmeResidualEffect-class.html:81:1 (NlmeResidualEffect-class.Rd:30): Warning: missing </ul> before </div>
NlmeSimTableDef-class.html:73:1 (NlmeSimTableDef-class.Rd:28): Warning: missing </ul> before </div>
NlmeTableDef-class.html:101:1 (NlmeTableDef-class.Rd:47): Warning: missing </ul> before </div>
ResetColumnInfo-class.html:44:1 (ResetColumnInfo-class.Rd:11): Warning: missing </ul> before </div>
addToErrorModel.html:50:1 (addToErrorModel.Rd:12): Warning: missing </ul> before </div>
covariateEffect-set.html:58:1 (covariateEffect-set.Rd:16): Warning: missing </ul> before </div>
covariatePartsString.html:46:1 (covariatePartsString.Rd:10): Warning: missing </ul> before </div>
emaxmodel_MappingParameters.html:60:1 (emaxmodel_MappingParameters.Rd:20): Warning: missing </ul> before </div>
generatePML.html:46:1 (generatePML.Rd:10): Warning: missing </ul> before </div>
linearmodel_MappingParameters.html:60:1 (linearmodel_MappingParameters.Rd:20): Warning: missing </ul> before </div>
pkindirectmodel_MappingParameters.html:330:1 (pkindirectmodel_MappingParameters.Rd:199): Warning: missing </ul> before </div>
randomBlockStatement.html:46:1 (randomBlockStatement.Rd:10): Warning: missing </ul> before </div>
residualEffect-set.html:54:1 (residualEffect-set.Rd:14): Warning: missing </ul> before </div>
Flavors: r-devel-linux-x86_64-debian-clang, r-devel-linux-x86_64-debian-gcc