Last updated on 2025-10-21 23:50:50 CEST.
Flavor | Version | Tinstall | Tcheck | Ttotal | Status | Flags |
---|---|---|---|---|---|---|
r-devel-linux-x86_64-debian-clang | 0.5.0 | 9.66 | 758.18 | 767.84 | NOTE | |
r-devel-linux-x86_64-debian-gcc | 0.5.0 | 5.63 | 535.06 | 540.69 | NOTE | |
r-devel-linux-x86_64-fedora-clang | 0.5.0 | 44.00 | 1196.35 | 1240.35 | OK | |
r-devel-linux-x86_64-fedora-gcc | 0.5.0 | 21.00 | 1184.77 | 1205.77 | OK | |
r-devel-windows-x86_64 | 0.5.0 | 12.00 | 580.00 | 592.00 | OK | |
r-patched-linux-x86_64 | 0.5.0 | 9.71 | 725.60 | 735.31 | OK | |
r-release-linux-x86_64 | 0.5.0 | 8.65 | 723.45 | 732.10 | OK | |
r-release-macos-arm64 | 0.5.0 | 3.00 | 208.00 | 211.00 | OK | |
r-release-macos-x86_64 | 0.5.0 | 9.00 | 396.00 | 405.00 | OK | |
r-release-windows-x86_64 | 0.5.0 | 12.00 | 592.00 | 604.00 | OK | |
r-oldrel-macos-arm64 | 0.5.0 | 5.00 | 232.00 | 237.00 | NOTE | |
r-oldrel-macos-x86_64 | 0.5.0 | 8.00 | 412.00 | 420.00 | NOTE | |
r-oldrel-windows-x86_64 | 0.5.0 | 16.00 | 888.00 | 904.00 | NOTE |
Version: 0.5.0
Check: HTML version of manual
Result: NOTE
Found the following HTML validation problems:
atFirstDoc.html:43:1 (atFirstDoc.Rd:9): Warning: missing </ul> before </div>
benchmarkCohortConstructor.html:74:1 (benchmarkCohortConstructor.Rd:29): Warning: missing </ul> before </div>
cdmDoc.html:40:1 (cdmDoc.Rd:7): Warning: missing </ul> before </div>
cohortDoc.html:40:1 (cohortDoc.Rd:7): Warning: missing </ul> before </div>
cohortIdModifyDoc.html:43:1 (cohortIdModifyDoc.Rd:10): Warning: missing </ul> before </div>
cohortIdSubsetDoc.html:42:1 (cohortIdSubsetDoc.Rd:9): Warning: missing </ul> before </div>
collapseDoc.html:41:1 (collapseDoc.Rd:8): Warning: missing </ul> before </div>
columnDateDoc.html:51:1 (columnDateDoc.Rd:14): Warning: missing </ul> before </div>
conceptSetDoc.html:41:1 (conceptSetDoc.Rd:8): Warning: missing </ul> before </div>
daysDoc.html:41:1 (daysDoc.Rd:8): Warning: missing </ul> before </div>
gapDoc.html:41:1 (gapDoc.Rd:8): Warning: missing </ul> before </div>
keepOriginalCohortsDoc.html:41:1 (keepOriginalCohortsDoc.Rd:8): Warning: missing </ul> before </div>
nameDoc.html:40:1 (nameDoc.Rd:7): Warning: missing </ul> before </div>
padObservationDoc.html:42:1 (padObservationDoc.Rd:9): Warning: missing </ul> before </div>
requireDemographicsDoc.html:66:1 (requireDemographicsDoc.Rd:23): Warning: missing </ul> before </div>
requireIntersectDoc.html:83:1 (requireIntersectDoc.Rd:33): Warning: missing </ul> before </div>
softValidationDoc.html:45:1 (softValidationDoc.Rd:12): Warning: missing </ul> before </div>
windowDoc.html:41:1 (windowDoc.Rd:8): Warning: missing </ul> before </div>
Flavors: r-devel-linux-x86_64-debian-clang, r-devel-linux-x86_64-debian-gcc
Version: 0.5.0
Check: installed package size
Result: NOTE
installed size is 6.1Mb
sub-directories of 1Mb or more:
doc 5.1Mb
Flavors: r-oldrel-macos-arm64, r-oldrel-macos-x86_64, r-oldrel-windows-x86_64