Last updated on 2025-10-22 05:51:03 CEST.
Flavor | Version | Tinstall | Tcheck | Ttotal | Status | Flags |
---|---|---|---|---|---|---|
r-devel-linux-x86_64-debian-clang | 1.3.1 | 11.63 | 514.54 | 526.17 | NOTE | |
r-devel-linux-x86_64-debian-gcc | 1.3.1 | 7.48 | 291.41 | 298.89 | NOTE | |
r-devel-linux-x86_64-fedora-clang | 1.3.1 | 67.00 | 827.24 | 894.24 | OK | |
r-devel-linux-x86_64-fedora-gcc | 1.3.1 | 31.00 | 780.41 | 811.41 | OK | |
r-devel-windows-x86_64 | 1.3.1 | 16.00 | 430.00 | 446.00 | OK | |
r-patched-linux-x86_64 | 1.3.1 | 11.96 | 480.06 | 492.02 | OK | |
r-release-linux-x86_64 | 1.3.1 | 10.85 | 479.87 | 490.72 | OK | |
r-release-macos-arm64 | 1.3.1 | 4.00 | 162.00 | 166.00 | OK | |
r-release-macos-x86_64 | 1.3.1 | 9.00 | 435.00 | 444.00 | OK | |
r-release-windows-x86_64 | 1.3.1 | 17.00 | 434.00 | 451.00 | OK | |
r-oldrel-macos-arm64 | 1.3.1 | 4.00 | 160.00 | 164.00 | OK | |
r-oldrel-macos-x86_64 | 1.3.1 | 7.00 | 396.00 | 403.00 | OK | |
r-oldrel-windows-x86_64 | 1.3.1 | 21.00 | 606.00 | 627.00 | OK |
Version: 1.3.1
Check: HTML version of manual
Result: NOTE
Found the following HTML validation problems:
check_matching_repetitions.html:54:1 (check_matching_repetitions.Rd:13): Warning: missing </ul> before </div>
Flavors: r-devel-linux-x86_64-debian-clang, r-devel-linux-x86_64-debian-gcc