Last updated on 2025-10-24 11:50:43 CEST.
| Flavor | Version | Tinstall | Tcheck | Ttotal | Status | Flags |
|---|---|---|---|---|---|---|
| r-devel-linux-x86_64-debian-clang | 0.2.2 | 7.36 | 116.14 | 123.50 | NOTE | |
| r-devel-linux-x86_64-debian-gcc | 0.2.2 | 5.01 | 77.79 | 82.80 | NOTE | |
| r-devel-linux-x86_64-fedora-clang | 0.2.2 | 16.00 | 156.48 | 172.48 | OK | |
| r-devel-linux-x86_64-fedora-gcc | 0.2.2 | 14.00 | 164.77 | 178.77 | OK | |
| r-devel-windows-x86_64 | 0.2.2 | 10.00 | 165.00 | 175.00 | OK | |
| r-patched-linux-x86_64 | 0.2.2 | 10.61 | 111.59 | 122.20 | OK | |
| r-release-linux-x86_64 | 0.2.2 | 5.71 | 108.89 | 114.60 | OK | |
| r-release-macos-arm64 | 0.2.2 | 4.00 | 67.00 | 71.00 | OK | |
| r-release-macos-x86_64 | 0.2.2 | 10.00 | 119.00 | 129.00 | OK | |
| r-release-windows-x86_64 | 0.2.2 | 9.00 | 170.00 | 179.00 | OK | |
| r-oldrel-macos-arm64 | 0.2.2 | 3.00 | 51.00 | 54.00 | OK | |
| r-oldrel-macos-x86_64 | 0.2.2 | 8.00 | 96.00 | 104.00 | OK | |
| r-oldrel-windows-x86_64 | 0.2.2 | 13.00 | 190.00 | 203.00 | OK |
Version: 0.2.2
Check: CRAN incoming feasibility
Result: NOTE
Maintainer: ‘Jochen Staudacher <jochen.staudacher@hs-kempten.de>’
Package CITATION file contains call(s) to old-style personList() or
as.personList(). Please use c() on person objects instead.
Package CITATION file contains call(s) to old-style citEntry(). Please
use bibentry() instead.
Flavors: r-devel-linux-x86_64-debian-clang, r-devel-linux-x86_64-debian-gcc
Version: 0.2.2
Check: Rd files
Result: NOTE
checkRd: (-1) stopOnInconsistentEstateAndClaimsVector.Rd:26-28: Only 3 columns allowed in this table (row 1 has 2)
checkRd: (-1) stopOnInconsistentEstateAndClaimsVector.Rd:26-28: Only 3 columns allowed in this table (row 2 has 2)
checkRd: (-1) stopOnInvalidAllocation.Rd:29-34: Only 3 columns allowed in this table (row 1 has 2)
checkRd: (-1) stopOnInvalidAllocation.Rd:29-34: Only 3 columns allowed in this table (row 2 has 2)
checkRd: (-1) stopOnInvalidAllocation.Rd:29-34: Only 3 columns allowed in this table (row 3 has 2)
checkRd: (-1) stopOnInvalidAllocation.Rd:29-34: Only 3 columns allowed in this table (row 4 has 2)
checkRd: (-1) stopOnInvalidAllocation.Rd:29-34: Only 3 columns allowed in this table (row 5 has 2)
checkRd: (-1) stopOnInvalidBoolean.Rd:21-24: Only 3 columns allowed in this table (row 1 has 2)
checkRd: (-1) stopOnInvalidBoolean.Rd:21-24: Only 3 columns allowed in this table (row 2 has 2)
checkRd: (-1) stopOnInvalidBoolean.Rd:21-24: Only 3 columns allowed in this table (row 3 has 2)
checkRd: (-1) stopOnInvalidClaimsVector.Rd:26-29: Only 3 columns allowed in this table (row 1 has 2)
checkRd: (-1) stopOnInvalidClaimsVector.Rd:26-29: Only 3 columns allowed in this table (row 2 has 2)
checkRd: (-1) stopOnInvalidClaimsVector.Rd:26-29: Only 3 columns allowed in this table (row 3 has 2)
checkRd: (-1) stopOnInvalidCoalitionS.Rd:29-35: Only 3 columns allowed in this table (row 1 has 2)
checkRd: (-1) stopOnInvalidCoalitionS.Rd:29-35: Only 3 columns allowed in this table (row 2 has 2)
checkRd: (-1) stopOnInvalidCoalitionS.Rd:29-35: Only 3 columns allowed in this table (row 3 has 2)
checkRd: (-1) stopOnInvalidCoalitionS.Rd:29-35: Only 3 columns allowed in this table (row 4 has 2)
checkRd: (-1) stopOnInvalidCoalitionS.Rd:29-35: Only 3 columns allowed in this table (row 5 has 2)
checkRd: (-1) stopOnInvalidCoalitionS.Rd:29-35: Only 3 columns allowed in this table (row 6 has 2)
checkRd: (-1) stopOnInvalidDictator.Rd:26-31: Only 3 columns allowed in this table (row 1 has 2)
checkRd: (-1) stopOnInvalidDictator.Rd:26-31: Only 3 columns allowed in this table (row 2 has 2)
checkRd: (-1) stopOnInvalidDictator.Rd:26-31: Only 3 columns allowed in this table (row 3 has 2)
checkRd: (-1) stopOnInvalidDictator.Rd:26-31: Only 3 columns allowed in this table (row 4 has 2)
checkRd: (-1) stopOnInvalidDictator.Rd:26-31: Only 3 columns allowed in this table (row 5 has 2)
checkRd: (-1) stopOnInvalidEstate.Rd:24-28: Only 3 columns allowed in this table (row 1 has 2)
checkRd: (-1) stopOnInvalidEstate.Rd:24-28: Only 3 columns allowed in this table (row 2 has 2)
checkRd: (-1) stopOnInvalidEstate.Rd:24-28: Only 3 columns allowed in this table (row 3 has 2)
checkRd: (-1) stopOnInvalidEstate.Rd:24-28: Only 3 columns allowed in this table (row 4 has 2)
checkRd: (-1) stopOnInvalidGameVector.Rd:27-33: Only 3 columns allowed in this table (row 1 has 2)
checkRd: (-1) stopOnInvalidGameVector.Rd:27-33: Only 3 columns allowed in this table (row 2 has 2)
checkRd: (-1) stopOnInvalidGameVector.Rd:27-33: Only 3 columns allowed in this table (row 3 has 2)
checkRd: (-1) stopOnInvalidGameVector.Rd:27-33: Only 3 columns allowed in this table (row 4 has 2)
checkRd: (-1) stopOnInvalidGameVector.Rd:27-33: Only 3 columns allowed in this table (row 5 has 2)
checkRd: (-1) stopOnInvalidGameVector.Rd:27-33: Only 3 columns allowed in this table (row 6 has 2)
checkRd: (-1) stopOnInvalidGrandCoalitionN.Rd:22-25: Only 3 columns allowed in this table (row 1 has 2)
checkRd: (-1) stopOnInvalidGrandCoalitionN.Rd:22-25: Only 3 columns allowed in this table (row 2 has 2)
checkRd: (-1) stopOnInvalidGrandCoalitionN.Rd:22-25: Only 3 columns allowed in this table (row 3 has 2)
checkRd: (-1) stopOnInvalidIndex.Rd:25-29: Only 3 columns allowed in this table (row 1 has 2)
checkRd: (-1) stopOnInvalidIndex.Rd:25-29: Only 3 columns allowed in this table (row 2 has 2)
checkRd: (-1) stopOnInvalidIndex.Rd:25-29: Only 3 columns allowed in this table (row 3 has 2)
checkRd: (-1) stopOnInvalidIndex.Rd:25-29: Only 3 columns allowed in this table (row 4 has 2)
checkRd: (-1) stopOnInvalidLeftRightGloveGame.Rd:28-33: Only 3 columns allowed in this table (row 1 has 2)
checkRd: (-1) stopOnInvalidLeftRightGloveGame.Rd:28-33: Only 3 columns allowed in this table (row 2 has 2)
checkRd: (-1) stopOnInvalidLeftRightGloveGame.Rd:28-33: Only 3 columns allowed in this table (row 3 has 2)
checkRd: (-1) stopOnInvalidLeftRightGloveGame.Rd:28-33: Only 3 columns allowed in this table (row 4 has 2)
checkRd: (-1) stopOnInvalidLeftRightGloveGame.Rd:28-33: Only 3 columns allowed in this table (row 5 has 2)
checkRd: (-1) stopOnInvalidNChooseB.Rd:24-30: Only 3 columns allowed in this table (row 1 has 2)
checkRd: (-1) stopOnInvalidNChooseB.Rd:24-30: Only 3 columns allowed in this table (row 2 has 2)
checkRd: (-1) stopOnInvalidNChooseB.Rd:24-30: Only 3 columns allowed in this table (row 3 has 2)
checkRd: (-1) stopOnInvalidNChooseB.Rd:24-30: Only 3 columns allowed in this table (row 4 has 2)
checkRd: (-1) stopOnInvalidNChooseB.Rd:24-30: Only 3 columns allowed in this table (row 5 has 2)
checkRd: (-1) stopOnInvalidNChooseB.Rd:24-30: Only 3 columns allowed in this table (row 6 has 2)
checkRd: (-1) stopOnInvalidNumber.Rd:21-24: Only 3 columns allowed in this table (row 1 has 2)
checkRd: (-1) stopOnInvalidNumber.Rd:21-24: Only 3 columns allowed in this table (row 2 has 2)
checkRd: (-1) stopOnInvalidNumber.Rd:21-24: Only 3 columns allowed in this table (row 3 has 2)
checkRd: (-1) stopOnInvalidNumberOfPlayers.Rd:22-24: Only 3 columns allowed in this table (row 1 has 2)
checkRd: (-1) stopOnInvalidNumberOfPlayers.Rd:22-24: Only 3 columns allowed in this table (row 2 has 2)
checkRd: (-1) stopOnInvalidQuota.Rd:24-28: Only 3 columns allowed in this table (row 1 has 2)
checkRd: (-1) stopOnInvalidQuota.Rd:24-28: Only 3 columns allowed in this table (row 2 has 2)
checkRd: (-1) stopOnInvalidQuota.Rd:24-28: Only 3 columns allowed in this table (row 3 has 2)
checkRd: (-1) stopOnInvalidQuota.Rd:24-28: Only 3 columns allowed in this table (row 4 has 2)
checkRd: (-1) stopOnInvalidVetoPlayer.Rd:24-27: Only 3 columns allowed in this table (row 1 has 2)
checkRd: (-1) stopOnInvalidVetoPlayer.Rd:24-27: Only 3 columns allowed in this table (row 2 has 2)
checkRd: (-1) stopOnInvalidVetoPlayer.Rd:24-27: Only 3 columns allowed in this table (row 3 has 2)
checkRd: (-1) stopOnInvalidWeightVector.Rd:26-29: Only 3 columns allowed in this table (row 1 has 2)
checkRd: (-1) stopOnInvalidWeightVector.Rd:26-29: Only 3 columns allowed in this table (row 2 has 2)
checkRd: (-1) stopOnInvalidWeightVector.Rd:26-29: Only 3 columns allowed in this table (row 3 has 2)
Flavors: r-devel-linux-x86_64-debian-clang, r-devel-linux-x86_64-debian-gcc