CRAN Package Check Results for Package DELTD

Last updated on 2025-10-21 17:49:45 CEST.

Flavor Version Tinstall Tcheck Ttotal Status Flags
r-devel-linux-x86_64-debian-clang 2.6.8 1.96 30.07 32.03 NOTE
r-devel-linux-x86_64-debian-gcc 2.6.8 1.54 22.10 23.64 NOTE
r-devel-linux-x86_64-fedora-clang 2.6.8 46.52 OK
r-devel-linux-x86_64-fedora-gcc 2.6.8 43.90 OK
r-devel-windows-x86_64 2.6.8 4.00 47.00 51.00 OK
r-patched-linux-x86_64 2.6.8 1.69 26.98 28.67 OK
r-release-linux-x86_64 2.6.8 1.88 26.85 28.73 OK
r-release-macos-arm64 2.6.8 1.00 17.00 18.00 OK
r-release-macos-x86_64 2.6.8 3.00 28.00 31.00 OK
r-release-windows-x86_64 2.6.8 3.00 48.00 51.00 OK
r-oldrel-macos-arm64 2.6.8 1.00 22.00 23.00 OK
r-oldrel-macos-x86_64 2.6.8 2.00 24.00 26.00 OK
r-oldrel-windows-x86_64 2.6.8 4.00 47.00 51.00 OK

Check Details

Version: 2.6.8
Check: CRAN incoming feasibility
Result: NOTE Maintainer: ‘Javaria Ahmad Khan <jakhan0@yahoo.com>’ No Authors@R field in DESCRIPTION. Please add one, modifying Authors@R: c(person(given = c("Javaria", "Ahmad"), family = "Khan", role = c("aut", "cre"), email = "jakhan0@yahoo.com"), person(given = "Atif", family = "Akbar.", role = "aut")) as necessary. Flavors: r-devel-linux-x86_64-debian-clang, r-devel-linux-x86_64-debian-gcc