Last updated on 2025-10-25 00:49:34 CEST.
| Flavor | Version | Tinstall | Tcheck | Ttotal | Status | Flags |
|---|---|---|---|---|---|---|
| r-devel-linux-x86_64-debian-clang | 0.9.2 | 8.35 | 75.28 | 83.63 | NOTE | |
| r-devel-linux-x86_64-debian-gcc | 0.9.2 | 4.44 | 54.05 | 58.49 | NOTE | |
| r-devel-linux-x86_64-fedora-clang | 0.9.2 | 17.00 | 112.78 | 129.78 | NOTE | |
| r-devel-linux-x86_64-fedora-gcc | 0.9.2 | 16.00 | 126.15 | 142.15 | NOTE | |
| r-devel-windows-x86_64 | 0.9.2 | 8.00 | 86.00 | 94.00 | OK | |
| r-patched-linux-x86_64 | 0.9.2 | 7.30 | 70.10 | 77.40 | OK | |
| r-release-linux-x86_64 | 0.9.2 | 7.37 | 70.76 | 78.13 | OK | |
| r-release-macos-arm64 | 0.9.2 | 3.00 | 42.00 | 45.00 | OK | |
| r-release-macos-x86_64 | 0.9.2 | 7.00 | 78.00 | 85.00 | OK | |
| r-release-windows-x86_64 | 0.9.2 | 8.00 | 91.00 | 99.00 | OK | |
| r-oldrel-macos-arm64 | 0.9.2 | 3.00 | 40.00 | 43.00 | OK | |
| r-oldrel-macos-x86_64 | 0.9.2 | 9.00 | 65.00 | 74.00 | OK | |
| r-oldrel-windows-x86_64 | 0.9.2 | 11.00 | 105.00 | 116.00 | OK |
Version: 0.9.2
Check: CRAN incoming feasibility
Result: NOTE
Maintainer: ‘Mahmoud Elkasabi <mahmoudelkasabi@gmail.com>’
No Authors@R field in DESCRIPTION.
Please add one, modifying
Authors@R: person(given = "Mahmoud",
family = "Elkasabi",
role = c("aut", "cre"),
email = "mahmoudelkasabi@gmail.com")
as necessary.
Flavors: r-devel-linux-x86_64-debian-clang, r-devel-linux-x86_64-debian-gcc
Version: 0.9.2
Check: dependencies in R code
Result: NOTE
Namespace in Imports field not imported from: ‘rlang’
All declared Imports should be used.
Flavors: r-devel-linux-x86_64-fedora-clang, r-devel-linux-x86_64-fedora-gcc