Last updated on 2025-10-21 17:49:46 CEST.
Flavor | Version | Tinstall | Tcheck | Ttotal | Status | Flags |
---|---|---|---|---|---|---|
r-devel-linux-x86_64-debian-clang | 2.0.0 | 2.35 | 35.08 | 37.43 | NOTE | |
r-devel-linux-x86_64-debian-gcc | 2.0.0 | 1.86 | 27.95 | 29.81 | NOTE | |
r-devel-linux-x86_64-fedora-clang | 2.0.0 | 53.04 | OK | |||
r-devel-linux-x86_64-fedora-gcc | 2.0.0 | 65.57 | OK | |||
r-devel-windows-x86_64 | 2.0.0 | 4.00 | 50.00 | 54.00 | OK | |
r-patched-linux-x86_64 | 2.0.0 | 2.66 | 32.09 | 34.75 | OK | |
r-release-linux-x86_64 | 2.0.0 | 2.30 | 32.44 | 34.74 | OK | |
r-release-macos-arm64 | 2.0.0 | 1.00 | 31.00 | 32.00 | OK | |
r-release-macos-x86_64 | 2.0.0 | 2.00 | 43.00 | 45.00 | OK | |
r-release-windows-x86_64 | 2.0.0 | 5.00 | 53.00 | 58.00 | OK | |
r-oldrel-macos-arm64 | 2.0.0 | 1.00 | 24.00 | 25.00 | OK | |
r-oldrel-macos-x86_64 | 2.0.0 | 2.00 | 35.00 | 37.00 | OK | |
r-oldrel-windows-x86_64 | 2.0.0 | 5.00 | 59.00 | 64.00 | OK |
Version: 2.0.0
Check: HTML version of manual
Result: NOTE
Found the following HTML validation problems:
get_data.html:46:1 (get_data.Rd:10): Warning: missing </ul> before </div>
Flavors: r-devel-linux-x86_64-debian-clang, r-devel-linux-x86_64-debian-gcc