Last updated on 2025-10-25 00:49:34 CEST.
| Flavor | Version | Tinstall | Tcheck | Ttotal | Status | Flags |
|---|---|---|---|---|---|---|
| r-devel-linux-x86_64-debian-clang | 2.0.4 | 17.99 | 31.62 | 49.61 | OK | |
| r-devel-linux-x86_64-debian-gcc | 2.0.4 | 10.52 | 24.48 | 35.00 | OK | |
| r-devel-linux-x86_64-fedora-clang | 2.0.4 | 36.00 | 38.53 | 74.53 | NOTE | |
| r-devel-linux-x86_64-fedora-gcc | 2.0.4 | 31.00 | 38.28 | 69.28 | NOTE | |
| r-devel-windows-x86_64 | 2.0.4 | 18.00 | 50.00 | 68.00 | OK | |
| r-patched-linux-x86_64 | 2.0.4 | 17.51 | 30.20 | 47.71 | OK | |
| r-release-linux-x86_64 | 2.0.4 | 16.31 | 30.01 | 46.32 | OK | |
| r-release-macos-arm64 | 2.0.4 | 8.00 | 31.00 | 39.00 | OK | |
| r-release-macos-x86_64 | 2.0.4 | 16.00 | 38.00 | 54.00 | OK | |
| r-release-windows-x86_64 | 2.0.4 | 17.00 | 52.00 | 69.00 | OK | |
| r-oldrel-macos-arm64 | 2.0.4 | 7.00 | 25.00 | 32.00 | OK | |
| r-oldrel-macos-x86_64 | 2.0.4 | 11.00 | 30.00 | 41.00 | OK | |
| r-oldrel-windows-x86_64 | 2.0.4 | 24.00 | 63.00 | 87.00 | OK |
Version: 2.0.4
Check: dependencies in R code
Result: NOTE
Namespaces in Imports field not imported from:
‘jsonlite’ ‘methods’
All declared Imports should be used.
Flavors: r-devel-linux-x86_64-fedora-clang, r-devel-linux-x86_64-fedora-gcc