Last updated on 2025-10-24 11:50:44 CEST.
| Flavor | Version | Tinstall | Tcheck | Ttotal | Status | Flags |
|---|---|---|---|---|---|---|
| r-devel-linux-x86_64-debian-clang | 0.1.3 | 1.88 | 79.23 | 81.11 | OK | |
| r-devel-linux-x86_64-debian-gcc | 0.1.3 | 1.55 | 59.79 | 61.34 | OK | |
| r-devel-linux-x86_64-fedora-clang | 0.1.3 | 101.50 | OK | |||
| r-devel-linux-x86_64-fedora-gcc | 0.1.3 | 123.03 | OK | |||
| r-devel-windows-x86_64 | 0.1.3 | 8.00 | 67.00 | 75.00 | OK | |
| r-patched-linux-x86_64 | 0.1.3 | 2.21 | 76.63 | 78.84 | OK | |
| r-release-linux-x86_64 | 0.1.3 | 2.21 | 77.24 | 79.45 | OK | |
| r-release-macos-arm64 | 0.1.3 | 3.00 | 22.00 | 25.00 | OK | |
| r-release-macos-x86_64 | 0.1.3 | 6.00 | 43.00 | 49.00 | OK | |
| r-release-windows-x86_64 | 0.1.3 | 9.00 | 70.00 | 79.00 | OK | |
| r-oldrel-macos-arm64 | 0.1.3 | 3.00 | 27.00 | 30.00 | OK | |
| r-oldrel-macos-x86_64 | 0.1.3 | 6.00 | 44.00 | 50.00 | OK | |
| r-oldrel-windows-x86_64 | 0.1.3 | 13.00 | 104.00 | 117.00 | WARN |
Version: 0.1.3
Check: whether package can be installed
Result: WARN
Found the following significant warnings:
Warning: Torch libraries are installed but loading them caused a segfault.
Flavor: r-oldrel-windows-x86_64