Last updated on 2025-10-21 23:50:52 CEST.
Flavor | Version | Tinstall | Tcheck | Ttotal | Status | Flags |
---|---|---|---|---|---|---|
r-devel-linux-x86_64-debian-clang | 1.4-1 | 13.86 | 548.85 | 562.71 | NOTE | |
r-devel-linux-x86_64-debian-gcc | 1.4-1 | 8.32 | 363.79 | 372.11 | NOTE | |
r-devel-linux-x86_64-fedora-clang | 1.4-1 | 53.00 | 947.64 | 1000.64 | OK | |
r-devel-linux-x86_64-fedora-gcc | 1.4-1 | 32.00 | 943.64 | 975.64 | OK | |
r-devel-windows-x86_64 | 1.4-1 | 17.00 | 519.00 | 536.00 | OK | |
r-patched-linux-x86_64 | 1.4-1 | 13.33 | 524.28 | 537.61 | OK | |
r-release-linux-x86_64 | 1.4-1 | 11.24 | 520.58 | 531.82 | OK | |
r-release-macos-arm64 | 1.4-1 | 9.00 | 197.00 | 206.00 | OK | |
r-release-macos-x86_64 | 1.4-1 | 26.00 | 630.00 | 656.00 | OK | |
r-release-windows-x86_64 | 1.4-1 | 19.00 | 518.00 | 537.00 | OK | |
r-oldrel-macos-arm64 | 1.4-1 | 9.00 | 201.00 | 210.00 | OK | |
r-oldrel-macos-x86_64 | 1.4-1 | 25.00 | 633.00 | 658.00 | OK | |
r-oldrel-windows-x86_64 | 1.4-1 | 23.00 | 692.00 | 715.00 | OK |
Version: 1.4-1
Check: HTML version of manual
Result: NOTE
Found the following HTML validation problems:
mvtnorm-control.html:60:1 (mvtnorm-control.Rd:17): Warning: missing </ul> before </div>
Flavors: r-devel-linux-x86_64-debian-clang, r-devel-linux-x86_64-debian-gcc