Last updated on 2025-10-24 18:49:54 CEST.
| Flavor | Version | Tinstall | Tcheck | Ttotal | Status | Flags |
|---|---|---|---|---|---|---|
| r-devel-linux-x86_64-debian-clang | 1.1.0 | 6.45 | 143.96 | 150.41 | NOTE | |
| r-devel-linux-x86_64-debian-gcc | 1.1.0 | 4.66 | 95.10 | 99.76 | NOTE | |
| r-devel-linux-x86_64-fedora-clang | 1.1.0 | 15.00 | 215.66 | 230.66 | NOTE | |
| r-devel-linux-x86_64-fedora-gcc | 1.1.0 | 14.00 | 225.64 | 239.64 | NOTE | |
| r-devel-windows-x86_64 | 1.1.0 | 8.00 | 259.00 | 267.00 | NOTE | |
| r-patched-linux-x86_64 | 1.1.0 | 6.48 | 139.04 | 145.52 | NOTE | |
| r-release-linux-x86_64 | 1.1.0 | 5.99 | 139.87 | 145.86 | NOTE | |
| r-release-macos-arm64 | 1.1.0 | 3.00 | 127.00 | 130.00 | NOTE | |
| r-release-macos-x86_64 | 1.1.0 | 6.00 | 343.00 | 349.00 | NOTE | |
| r-release-windows-x86_64 | 1.1.0 | 10.00 | 266.00 | 276.00 | NOTE | |
| r-oldrel-macos-arm64 | 1.1.0 | 3.00 | 130.00 | 133.00 | OK | |
| r-oldrel-macos-x86_64 | 1.1.0 | 5.00 | 239.00 | 244.00 | OK | |
| r-oldrel-windows-x86_64 | 1.1.0 | 12.00 | 381.00 | 393.00 | OK |
Version: 1.1.0
Check: DESCRIPTION meta-information
Result: NOTE
Missing dependency on R >= 4.1.0 because package code uses the pipe
|> or function shorthand \(...) syntax added in R 4.1.0.
File(s) using such syntax:
‘ebase_plot.R’ ‘ebase_prep.R’
Flavors: r-devel-linux-x86_64-debian-clang, r-devel-linux-x86_64-debian-gcc, r-devel-linux-x86_64-fedora-clang, r-devel-linux-x86_64-fedora-gcc, r-devel-windows-x86_64, r-patched-linux-x86_64, r-release-linux-x86_64, r-release-macos-arm64, r-release-macos-x86_64, r-release-windows-x86_64