Last updated on 2025-10-23 05:51:52 CEST.
| Flavor | Version | Tinstall | Tcheck | Ttotal | Status | Flags |
|---|---|---|---|---|---|---|
| r-devel-linux-x86_64-debian-clang | 0.1.0 | 2.71 | 32.21 | 34.92 | NOTE | |
| r-devel-linux-x86_64-debian-gcc | 0.1.0 | 1.95 | 25.60 | 27.55 | NOTE | |
| r-devel-linux-x86_64-fedora-clang | 0.1.0 | 53.93 | OK | |||
| r-devel-linux-x86_64-fedora-gcc | 0.1.0 | 64.62 | OK | |||
| r-devel-windows-x86_64 | 0.1.0 | 4.00 | 50.00 | 54.00 | OK | |
| r-patched-linux-x86_64 | 0.1.0 | 2.70 | 31.42 | 34.12 | OK | |
| r-release-linux-x86_64 | 0.1.0 | 2.54 | 31.05 | 33.59 | OK | |
| r-release-macos-arm64 | 0.1.0 | 2.00 | 34.00 | 36.00 | OK | |
| r-release-macos-x86_64 | 0.1.0 | 3.00 | 47.00 | 50.00 | OK | |
| r-release-windows-x86_64 | 0.1.0 | 5.00 | 54.00 | 59.00 | OK | |
| r-oldrel-macos-arm64 | 0.1.0 | 2.00 | 23.00 | 25.00 | OK | |
| r-oldrel-macos-x86_64 | 0.1.0 | 2.00 | 43.00 | 45.00 | OK | |
| r-oldrel-windows-x86_64 | 0.1.0 | 5.00 | 60.00 | 65.00 | OK |
Version: 0.1.0
Check: CRAN incoming feasibility
Result: NOTE
Maintainer: ‘Pankaj Das <pankaj.das2@icar.gov.in>’
No Authors@R field in DESCRIPTION.
Please add one, modifying
Authors@R: person(given = "Pankaj",
family = "Das",
role = c("aut", "cre"),
email = "pankaj.das2@icar.gov.in",
comment = c(ORCID = "0000-0003-1672-2502"))
as necessary.
Flavors: r-devel-linux-x86_64-debian-clang, r-devel-linux-x86_64-debian-gcc