Last updated on 2025-10-22 17:49:36 CEST.
Flavor | Version | Tinstall | Tcheck | Ttotal | Status | Flags |
---|---|---|---|---|---|---|
r-devel-linux-x86_64-debian-clang | 1.1.1 | 7.82 | 72.94 | 80.76 | NOTE | |
r-devel-linux-x86_64-debian-gcc | 1.1.1 | 5.45 | 52.47 | 57.92 | NOTE | |
r-devel-linux-x86_64-fedora-clang | 1.1.1 | 14.00 | 108.18 | 122.18 | OK | |
r-devel-linux-x86_64-fedora-gcc | 1.1.1 | 17.00 | 128.20 | 145.20 | OK | |
r-devel-windows-x86_64 | 1.1.1 | 10.00 | 83.00 | 93.00 | OK | |
r-patched-linux-x86_64 | 1.1.1 | 7.07 | 70.13 | 77.20 | OK | |
r-release-linux-x86_64 | 1.1.1 | 6.41 | 68.68 | 75.09 | OK | |
r-release-macos-arm64 | 1.1.1 | 4.00 | 49.00 | 53.00 | OK | |
r-release-macos-x86_64 | 1.1.1 | 6.00 | 72.00 | 78.00 | OK | |
r-release-windows-x86_64 | 1.1.1 | 9.00 | 86.00 | 95.00 | OK | |
r-oldrel-macos-arm64 | 1.1.1 | 3.00 | 41.00 | 44.00 | OK | |
r-oldrel-macos-x86_64 | 1.1.1 | 5.00 | 57.00 | 62.00 | OK | |
r-oldrel-windows-x86_64 | 1.1.1 | 13.00 | 105.00 | 118.00 | OK |
Version: 1.1.1
Check: CRAN incoming feasibility
Result: NOTE
Maintainer: ‘Vipavee Trivittayasil <vipavee.tri@gmail.com>’
No Authors@R field in DESCRIPTION.
Please add one, modifying
Authors@R: person(given = "Vipavee",
family = "Trivittayasil",
role = c("aut", "cre"),
email = "vipavee.tri@gmail.com")
as necessary.
Flavors: r-devel-linux-x86_64-debian-clang, r-devel-linux-x86_64-debian-gcc