Last updated on 2025-10-21 11:53:22 CEST.
Flavor | Version | Tinstall | Tcheck | Ttotal | Status | Flags |
---|---|---|---|---|---|---|
r-devel-linux-x86_64-debian-clang | 2.0.7 | 8.45 | 86.01 | 94.46 | NOTE | |
r-devel-linux-x86_64-debian-gcc | 2.0.7 | 5.55 | 60.76 | 66.31 | NOTE | |
r-devel-linux-x86_64-fedora-clang | 2.0.7 | 151.35 | OK | |||
r-devel-linux-x86_64-fedora-gcc | 2.0.7 | 13.00 | 131.54 | 144.54 | OK | |
r-devel-windows-x86_64 | 2.0.7 | 11.00 | 104.00 | 115.00 | OK | --no-vignettes |
r-patched-linux-x86_64 | 2.0.7 | 7.96 | 77.18 | 85.14 | OK | |
r-release-linux-x86_64 | 2.0.7 | 6.92 | 78.27 | 85.19 | OK | |
r-release-macos-arm64 | 2.0.7 | 49.00 | OK | |||
r-release-macos-x86_64 | 2.0.7 | 7.00 | 89.00 | 96.00 | OK | |
r-release-windows-x86_64 | 2.0.7 | 12.00 | 109.00 | 121.00 | OK | --no-vignettes |
r-oldrel-macos-arm64 | 2.0.7 | 53.00 | OK | |||
r-oldrel-macos-x86_64 | 2.0.7 | 95.00 | OK | |||
r-oldrel-windows-x86_64 | 2.0.7 | 14.00 | 116.00 | 130.00 | OK | --no-vignettes |
Version: 2.0.7
Check: HTML version of manual
Result: NOTE
Found the following HTML validation problems:
build_factors.html:50:1 (build_factors.Rd:12): Warning: missing </ul> before </div>
build_units_table.html:50:1 (build_units_table.Rd:12): Warning: missing </ul> before </div>
htmlwidgets_attributes.html:50:1 (htmlwidgets_attributes.Rd:12): Warning: missing </ul> before </div>
table_to_r.html:46:1 (table_to_r.Rd:10): Warning: missing </ul> before </div>
Flavors: r-devel-linux-x86_64-debian-clang, r-devel-linux-x86_64-debian-gcc