Last updated on 2025-10-21 11:53:22 CEST.
Flavor | Version | Tinstall | Tcheck | Ttotal | Status | Flags |
---|---|---|---|---|---|---|
r-devel-linux-x86_64-debian-clang | 1.6.1 | 4.82 | 45.01 | 49.83 | NOTE | |
r-devel-linux-x86_64-debian-gcc | 1.6.1 | 3.25 | 32.08 | 35.33 | NOTE | |
r-devel-linux-x86_64-fedora-clang | 1.6.1 | 74.23 | OK | |||
r-devel-linux-x86_64-fedora-gcc | 1.6.1 | 71.66 | OK | |||
r-devel-windows-x86_64 | 1.6.1 | 5.00 | 59.00 | 64.00 | OK | |
r-patched-linux-x86_64 | 1.6.1 | 4.82 | 42.61 | 47.43 | OK | |
r-release-linux-x86_64 | 1.6.1 | 3.99 | 41.68 | 45.67 | OK | |
r-release-macos-arm64 | 1.6.1 | 23.00 | OK | |||
r-release-macos-x86_64 | 1.6.1 | 4.00 | 42.00 | 46.00 | OK | |
r-release-windows-x86_64 | 1.6.1 | 5.00 | 68.00 | 73.00 | OK | |
r-oldrel-macos-arm64 | 1.6.1 | 22.00 | OK | |||
r-oldrel-macos-x86_64 | 1.6.1 | 35.00 | OK | |||
r-oldrel-windows-x86_64 | 1.6.1 | 7.00 | 75.00 | 82.00 | OK |
Version: 1.6.1
Check: CRAN incoming feasibility
Result: NOTE
Maintainer: ‘Jerome Guitton <jerome.guitton@agrocampus-ouest.fr>’
No Authors@R field in DESCRIPTION.
Please add one, modifying
Authors@R: c(person(given = "J.",
family = "Guitton",
role = "aut"),
person(given = "M.",
family = "Colleter",
role = "aut"),
person(given = "P.",
family = "Gatti",
role = "aut"),
person(given = "D.",
family = "Gascuel",
role = "aut"),
person(given = "Jerome",
family = "Guitton",
role = "cre",
email = "jerome.guitton@agrocampus-ouest.fr"))
as necessary.
Flavors: r-devel-linux-x86_64-debian-clang, r-devel-linux-x86_64-debian-gcc
Version: 1.6.1
Check: HTML version of manual
Result: NOTE
Found the following HTML validation problems:
E0.1.html:54:1 (E0.1.Rd:14): Warning: missing </ul> before </div>
Emsy.html:54:1 (Emsy.Rd:14): Warning: missing </ul> before </div>
a13.eq.html:70:1 (a13.eq.Rd:22): Warning: missing </ul> before </div>
a13.eq.ac.html:70:1 (a13.eq.ac.Rd:22): Warning: missing </ul> before </div>
mf.diagnosis.html:128:1 (mf.diagnosis.Rd:60): Warning: missing </ul> before </div>
regPB.html:58:1 (regPB.Rd:16): Warning: missing </ul> before </div>
regPB.ac.html:58:1 (regPB.ac.Rd:16): Warning: missing </ul> before </div>
Flavors: r-devel-linux-x86_64-debian-clang, r-devel-linux-x86_64-debian-gcc