Last updated on 2025-10-24 18:49:54 CEST.
| Flavor | Version | Tinstall | Tcheck | Ttotal | Status | Flags |
|---|---|---|---|---|---|---|
| r-devel-linux-x86_64-debian-clang | 0.1.4 | 2.55 | 26.93 | 29.48 | NOTE | |
| r-devel-linux-x86_64-debian-gcc | 0.1.4 | 1.69 | 21.44 | 23.13 | NOTE | |
| r-devel-linux-x86_64-fedora-clang | 0.1.4 | 45.55 | OK | |||
| r-devel-linux-x86_64-fedora-gcc | 0.1.4 | 417.94 | OK | |||
| r-devel-windows-x86_64 | 0.1.4 | 5.00 | 45.00 | 50.00 | OK | |
| r-patched-linux-x86_64 | 0.1.4 | 2.92 | 25.86 | 28.78 | OK | |
| r-release-linux-x86_64 | 0.1.4 | 2.46 | 25.73 | 28.19 | OK | |
| r-release-macos-arm64 | 0.1.4 | 1.00 | 153.00 | 154.00 | OK | |
| r-release-macos-x86_64 | 0.1.4 | 2.00 | 503.00 | 505.00 | OK | |
| r-release-windows-x86_64 | 0.1.4 | 3.00 | 47.00 | 50.00 | OK | |
| r-oldrel-macos-arm64 | 0.1.4 | 1.00 | 149.00 | 150.00 | OK | |
| r-oldrel-macos-x86_64 | 0.1.4 | 2.00 | 396.00 | 398.00 | OK | |
| r-oldrel-windows-x86_64 | 0.1.4 | 5.00 | 53.00 | 58.00 | OK |
Version: 0.1.4
Check: CRAN incoming feasibility
Result: NOTE
Maintainer: ‘Xiao-Jun Mao <maoxj.ki@gmail.com>’
No Authors@R field in DESCRIPTION.
Please add one, modifying
Authors@R: c(person(given = "Mu-Fa",
family = "Chen",
role = "aut",
email = "mfchen@bnu.edu.cn"),
person(given = "Xiao-Jun",
family = "Mao",
role = "cre",
email = "maoxj.ki@gmail.com"))
as necessary.
Flavors: r-devel-linux-x86_64-debian-clang, r-devel-linux-x86_64-debian-gcc