Last updated on 2024-05-26 21:49:15 CEST.
Flavor | Version | Tinstall | Tcheck | Ttotal | Status | Flags |
---|---|---|---|---|---|---|
r-devel-linux-x86_64-debian-clang | 1.1 | 8.30 | 87.45 | 95.75 | NOTE | |
r-devel-linux-x86_64-debian-gcc | 1.1 | 5.49 | 69.66 | 75.15 | NOTE | |
r-devel-linux-x86_64-fedora-clang | 1.1 | 130.41 | NOTE | |||
r-devel-linux-x86_64-fedora-gcc | 1.1 | 124.79 | NOTE | |||
r-devel-windows-x86_64 | 1.1 | 7.00 | 79.00 | 86.00 | NOTE | |
r-patched-linux-x86_64 | 1.1 | 6.05 | 87.23 | 93.28 | NOTE | |
r-release-linux-x86_64 | 1.1 | 6.68 | 87.73 | 94.41 | NOTE | |
r-release-macos-arm64 | 1.1 | 46.00 | NOTE | |||
r-release-windows-x86_64 | 1.1 | 8.00 | 78.00 | 86.00 | NOTE | |
r-oldrel-macos-arm64 | 1.1 | 42.00 | OK | |||
r-oldrel-macos-x86_64 | 1.1 | 75.00 | OK | |||
r-oldrel-windows-x86_64 | 1.1 | 9.00 | 103.00 | 112.00 | OK |
Version: 1.1
Check: Rd files
Result: NOTE
checkRd: (-1) CTN.Rd:22: Lost braces; missing escapes or markup?
22 | less memory. Genetic data consists of nucleotide data {A,T,C,G} and are usually saved
| ^
Flavors: r-devel-linux-x86_64-debian-clang, r-devel-linux-x86_64-debian-gcc, r-devel-linux-x86_64-fedora-clang, r-devel-linux-x86_64-fedora-gcc, r-devel-windows-x86_64, r-patched-linux-x86_64, r-release-linux-x86_64, r-release-macos-arm64, r-release-windows-x86_64