CRAN Package Check Results for Package EntropyMCMC

Last updated on 2025-10-21 17:49:47 CEST.

Flavor Version Tinstall Tcheck Ttotal Status Flags
r-devel-linux-x86_64-debian-clang 1.0.4 15.86 134.23 150.09 NOTE
r-devel-linux-x86_64-debian-gcc 1.0.4 11.49 91.74 103.23 NOTE
r-devel-linux-x86_64-fedora-clang 1.0.4 37.00 191.53 228.53 OK
r-devel-linux-x86_64-fedora-gcc 1.0.4 34.00 184.95 218.95 OK
r-devel-windows-x86_64 1.0.4 18.00 129.00 147.00 OK
r-patched-linux-x86_64 1.0.4 16.27 123.66 139.93 OK
r-release-linux-x86_64 1.0.4 17.13 125.70 142.83 OK
r-release-macos-arm64 1.0.4 8.00 47.00 55.00 OK
r-release-macos-x86_64 1.0.4 15.00 115.00 130.00 OK
r-release-windows-x86_64 1.0.4 19.00 123.00 142.00 OK
r-oldrel-macos-arm64 1.0.4 8.00 48.00 56.00 NOTE
r-oldrel-macos-x86_64 1.0.4 11.00 76.00 87.00 NOTE
r-oldrel-windows-x86_64 1.0.4 24.00 160.00 184.00 OK

Check Details

Version: 1.0.4
Check: CRAN incoming feasibility
Result: NOTE Maintainer: ‘Didier Chauveau <didier.chauveau@univ-orleans.fr>’ Package CITATION file contains call(s) to old-style personList() or as.personList(). Please use c() on person objects instead. Package CITATION file contains call(s) to old-style citEntry(). Please use bibentry() instead. Found the following URLs which should use \doi (with the DOI name only): File ‘EntropyMCMC-package.Rd’: http://dx.doi.org/10.1051/ps/2012004 File ‘EntropyMCMC.Rd’: http://dx.doi.org/10.1051/ps/2012004 File ‘EntropyParallel.Rd’: http://dx.doi.org/10.1051/ps/2012004 File ‘MCMCcopies.Rd’: http://dx.doi.org/10.1051/ps/2012004 File ‘MCMCcopies.cl.Rd’: http://dx.doi.org/10.1051/ps/2012004 File ‘MCMCcopies.mc.Rd’: http://dx.doi.org/10.1051/ps/2012004 File ‘plot.KbMCMC.Rd’: http://dx.doi.org/10.1051/ps/2012004 File ‘plot.plMCMC.Rd’: http://dx.doi.org/10.1051/ps/2012004 File ‘plot_Kblist.Rd’: http://dx.doi.org/10.1051/ps/2012004 File ‘summary.plMCMC.Rd’: http://dx.doi.org/10.1051/ps/2012004 Flavors: r-devel-linux-x86_64-debian-clang, r-devel-linux-x86_64-debian-gcc

Version: 1.0.4
Check: package dependencies
Result: NOTE Package suggested but not available for checking: ‘Rmpi’ Flavors: r-oldrel-macos-arm64, r-oldrel-macos-x86_64