Last updated on 2025-10-22 11:51:07 CEST.
Flavor | Version | Tinstall | Tcheck | Ttotal | Status | Flags |
---|---|---|---|---|---|---|
r-devel-linux-x86_64-debian-clang | 0.2.0 | 13.89 | 144.74 | 158.63 | NOTE | |
r-devel-linux-x86_64-debian-gcc | 0.2.0 | 11.00 | 98.99 | 109.99 | NOTE | |
r-devel-linux-x86_64-fedora-clang | 0.2.0 | 33.00 | 221.54 | 254.54 | OK | |
r-devel-linux-x86_64-fedora-gcc | 0.2.0 | 64.00 | 199.43 | 263.43 | OK | |
r-devel-windows-x86_64 | 0.2.0 | 15.00 | 148.00 | 163.00 | OK | |
r-patched-linux-x86_64 | 0.2.0 | 15.70 | 134.96 | 150.66 | OK | |
r-release-linux-x86_64 | 0.2.0 | 13.45 | 133.09 | 146.54 | OK | |
r-release-macos-arm64 | 0.2.0 | 6.00 | 81.00 | 87.00 | OK | |
r-release-macos-x86_64 | 0.2.0 | 15.00 | 150.00 | 165.00 | OK | |
r-release-windows-x86_64 | 0.2.0 | 15.00 | 146.00 | 161.00 | OK | |
r-oldrel-macos-arm64 | 0.2.0 | 7.00 | 76.00 | 83.00 | OK | |
r-oldrel-macos-x86_64 | 0.2.0 | 13.00 | 120.00 | 133.00 | OK | |
r-oldrel-windows-x86_64 | 0.2.0 | 22.00 | 198.00 | 220.00 | OK |
Version: 0.2.0
Check: HTML version of manual
Result: NOTE
Found the following HTML validation problems:
adls_timevarying_region_data.html:65:1 (adls_timevarying_region_data.Rd:20): Warning: missing </ul> before </div>
andh_forest_data.html:75:1 (andh_forest_data.Rd:25): Warning: missing </ul> before </div>
Flavors: r-devel-linux-x86_64-debian-clang, r-devel-linux-x86_64-debian-gcc