CRAN Package Check Results for Package ExactCIdiff

Last updated on 2025-10-22 05:51:08 CEST.

Flavor Version Tinstall Tcheck Ttotal Status Flags
r-devel-linux-x86_64-debian-clang 2.1 3.14 23.79 26.93 NOTE
r-devel-linux-x86_64-debian-gcc 2.1 2.01 18.27 20.28 NOTE
r-devel-linux-x86_64-fedora-clang 2.1 40.31 OK
r-devel-linux-x86_64-fedora-gcc 2.1 37.66 OK
r-devel-windows-x86_64 2.1 3.00 36.00 39.00 OK
r-patched-linux-x86_64 2.1 3.01 22.19 25.20 OK
r-release-linux-x86_64 2.1 2.44 22.26 24.70 OK
r-release-macos-arm64 2.1 2.00 14.00 16.00 OK
r-release-macos-x86_64 2.1 4.00 33.00 37.00 OK
r-release-windows-x86_64 2.1 4.00 38.00 42.00 OK
r-oldrel-macos-arm64 2.1 1.00 14.00 15.00 OK
r-oldrel-macos-x86_64 2.1 3.00 28.00 31.00 OK
r-oldrel-windows-x86_64 2.1 4.00 38.00 42.00 OK

Check Details

Version: 2.1
Check: CRAN incoming feasibility
Result: NOTE Maintainer: ‘Guogen Shan <gshan@ufl.edu>’ No Authors@R field in DESCRIPTION. Please add one, modifying Authors@R: c(person(given = "Guogen", family = "Shan", role = c("aut", "cre"), email = "gshan@ufl.edu"), person(given = "Weizhen", family = "Wang", role = "aut", email = "weizhen.wang@wright.edu")) as necessary. Flavors: r-devel-linux-x86_64-debian-clang, r-devel-linux-x86_64-debian-gcc